Last updated on 2023-11-28 09:51:45 CET.
Flavor | Version | Tinstall | Tcheck | Ttotal | Status | Flags |
---|---|---|---|---|---|---|
r-devel-linux-x86_64-debian-clang | 1.4.13 | 15.28 | 99.94 | 115.22 | OK | |
r-devel-linux-x86_64-debian-gcc | 1.4.13 | 11.44 | 73.34 | 84.78 | OK | |
r-devel-linux-x86_64-fedora-clang | 1.4.13 | 139.64 | OK | |||
r-devel-linux-x86_64-fedora-gcc | 1.4.13 | 146.62 | OK | |||
r-devel-windows-x86_64 | 1.4.13 | 13.00 | 109.00 | 122.00 | OK | |
r-patched-linux-x86_64 | 1.4.13 | 17.10 | 93.16 | 110.26 | OK | |
r-release-linux-x86_64 | 1.4.13 | 12.89 | 93.07 | 105.96 | OK | |
r-release-macos-arm64 | 1.4.13 | 49.00 | NOTE | |||
r-release-macos-x86_64 | 1.4.13 | 74.00 | OK | |||
r-release-windows-x86_64 | 1.4.13 | 19.00 | 123.00 | 142.00 | OK | |
r-oldrel-macos-arm64 | 1.4.13 | 38.00 | OK | |||
r-oldrel-macos-x86_64 | 1.4.13 | 57.00 | OK | |||
r-oldrel-windows-x86_64 | 1.4.13 | 21.00 | 114.00 | 135.00 | OK |
Version: 1.4.13
Check: package dependencies
Result: NOTE
Package suggested but not available for checking: ‘GEOquery’
Flavor: r-release-macos-arm64