Last updated on 2023-11-28 09:51:48 CET.
Flavor | Version | Tinstall | Tcheck | Ttotal | Status | Flags |
---|---|---|---|---|---|---|
r-devel-linux-x86_64-debian-clang | 2.4.0 | 122.45 | 329.54 | 451.99 | NOTE | |
r-devel-linux-x86_64-debian-gcc | 2.4.0 | 96.56 | 231.75 | 328.31 | NOTE | |
r-devel-linux-x86_64-fedora-clang | 2.4.0 | 542.85 | NOTE | |||
r-devel-linux-x86_64-fedora-gcc | 2.4.0 | 555.61 | NOTE | |||
r-devel-windows-x86_64 | 2.4.0 | 94.00 | 138.00 | 232.00 | NOTE | --no-examples --no-tests --no-vignettes |
r-patched-linux-x86_64 | 2.4.0 | 95.04 | 287.19 | 382.23 | OK | |
r-release-linux-x86_64 | 2.4.0 | 91.20 | 288.95 | 380.15 | OK | |
r-release-macos-arm64 | 2.4.0 | 152.00 | NOTE | |||
r-release-macos-x86_64 | 2.4.0 | 256.00 | NOTE | |||
r-release-windows-x86_64 | 2.4.0 | 124.00 | 142.00 | 266.00 | OK | --no-examples --no-tests --no-vignettes |
r-oldrel-macos-arm64 | 2.4.0 | 95.00 | NOTE | |||
r-oldrel-macos-x86_64 | 2.4.0 | 161.00 | NOTE | |||
r-oldrel-windows-x86_64 | 2.4.0 | 123.00 | 133.00 | 256.00 | OK | --no-examples --no-tests --no-vignettes |
Version: 2.4.0
Check: Rd files
Result: NOTE
checkRd: (-1) BuyseTest.Rd:144: Lost braces
144 | To export the classification of each pair set the argument code{keep.pairScore} to \code{TRUE} and call the function \code{getPairScore} on the result of the \code{BuyseTest} function. \cr \cr \cr
| ^
Flavors: r-devel-linux-x86_64-debian-clang, r-devel-linux-x86_64-debian-gcc
Version: 2.4.0
Check: Rd \usage sections
Result: NOTE
Documented arguments not in \usage in Rd file 'calcIntegralSurv2_cpp.Rd':
‘dsurvival’
Documented arguments not in \usage in Rd file 'dot-calcIntegralCif_cpp.Rd':
‘cif’ ‘CIF_t’
Documented arguments not in \usage in Rd file 'validFCTs.Rd':
‘super.classes’
Functions with \usage entries need to have the appropriate \alias
entries, and all their arguments documented.
The \usage entries must correspond to syntactically valid R code.
See chapter ‘Writing R documentation files’ in the ‘Writing R
Extensions’ manual.
Flavors: r-devel-linux-x86_64-debian-clang, r-devel-linux-x86_64-debian-gcc, r-devel-linux-x86_64-fedora-clang, r-devel-linux-x86_64-fedora-gcc
Version: 2.4.0
Flags: --no-examples --no-tests --no-vignettes
Check: Rd \usage sections
Result: NOTE
Documented arguments not in \usage in Rd file 'calcIntegralSurv2_cpp.Rd':
'dsurvival'
Documented arguments not in \usage in Rd file 'dot-calcIntegralCif_cpp.Rd':
'cif' 'CIF_t'
Documented arguments not in \usage in Rd file 'validFCTs.Rd':
'super.classes'
Functions with \usage entries need to have the appropriate \alias
entries, and all their arguments documented.
The \usage entries must correspond to syntactically valid R code.
See chapter 'Writing R documentation files' in the 'Writing R
Extensions' manual.
Flavor: r-devel-windows-x86_64
Version: 2.4.0
Check: installed package size
Result: NOTE
installed size is 8.9Mb
sub-directories of 1Mb or more:
libs 7.2Mb
Flavors: r-release-macos-arm64, r-release-macos-x86_64, r-oldrel-macos-arm64, r-oldrel-macos-x86_64