CRAN Package Check Results for Package CIARA

Last updated on 2024-02-24 21:40:15 CET.

Flavor Version Tinstall Tcheck Ttotal Status Flags
r-devel-linux-x86_64-debian-clang 0.1.0 9.17 121.58 130.75 OK
r-devel-linux-x86_64-debian-gcc 0.1.0 6.83 89.43 96.26 OK
r-devel-linux-x86_64-fedora-clang 0.1.0 162.82 NOTE
r-devel-linux-x86_64-fedora-gcc 0.1.0 164.66 OK
r-devel-windows-x86_64 0.1.0 9.00 111.00 120.00 NOTE
r-patched-linux-x86_64 0.1.0 6.15 112.79 118.94 OK
r-release-linux-x86_64 0.1.0 5.77 115.35 121.12 OK
r-release-macos-arm64 0.1.0 57.00 NOTE
r-release-macos-x86_64 0.1.0 57.00 NOTE
r-release-windows-x86_64 0.1.0 11.00 127.00 138.00 NOTE
r-oldrel-macos-arm64 0.1.0 57.00 NOTE
r-oldrel-windows-x86_64 0.1.0 13.00 152.00 165.00 NOTE

Check Details

Version: 0.1.0
Check: installed package size
Result: NOTE installed size is 8.0Mb sub-directories of 1Mb or more: doc 5.7Mb extdata 2.1Mb Flavors: r-devel-linux-x86_64-fedora-clang, r-devel-windows-x86_64, r-release-macos-arm64, r-release-macos-x86_64, r-release-windows-x86_64, r-oldrel-macos-arm64, r-oldrel-windows-x86_64

Version: 0.1.0
Check: package dependencies
Result: NOTE Packages suggested but not available for checking: 'clustree', 'Seurat' Flavor: r-release-macos-x86_64

Version: 0.1.0
Check: re-building of vignette outputs
Result: NOTE Note: skipping ‘CIARA.Rmd’ due to unavailable dependencies: 'Seurat' Flavor: r-release-macos-x86_64