CRAN Package Check Results for Package CaPO4Sim

Last updated on 2024-02-26 23:03:35 CET.

Flavor Version Tinstall Tcheck Ttotal Status Flags
r-devel-linux-x86_64-debian-clang 0.2.0 8.31 54.37 62.68 NOTE
r-devel-linux-x86_64-debian-gcc 0.2.0 6.74 41.78 48.52 NOTE
r-devel-linux-x86_64-fedora-clang 0.2.0 80.18 NOTE
r-devel-linux-x86_64-fedora-gcc 0.2.0 73.22 NOTE
r-devel-windows-x86_64 0.2.0 9.00 63.00 72.00 NOTE
r-patched-linux-x86_64 0.2.0 10.02 52.20 62.22 NOTE
r-release-linux-x86_64 0.2.0 5.06 53.86 58.92 NOTE
r-release-macos-arm64 0.2.0 26.00 NOTE
r-release-macos-x86_64 0.2.0 37.00 NOTE
r-release-windows-x86_64 0.2.0 12.00 71.00 83.00 NOTE
r-oldrel-macos-arm64 0.2.0 24.00 NOTE
r-oldrel-windows-x86_64 0.2.0 11.00 73.00 84.00 NOTE

Check Details

Version: 0.2.0
Check: LazyData
Result: NOTE 'LazyData' is specified without a 'data' directory Flavors: r-devel-linux-x86_64-debian-clang, r-devel-linux-x86_64-debian-gcc, r-devel-linux-x86_64-fedora-clang, r-devel-linux-x86_64-fedora-gcc, r-devel-windows-x86_64, r-patched-linux-x86_64, r-release-linux-x86_64, r-release-macos-arm64, r-release-macos-x86_64, r-release-windows-x86_64, r-oldrel-macos-arm64, r-oldrel-windows-x86_64

Version: 0.2.0
Check: dependencies in R code
Result: NOTE Namespaces in Imports field not imported from: ‘htmltools’ ‘shinydashboard’ All declared Imports should be used. Flavors: r-devel-linux-x86_64-fedora-clang, r-devel-linux-x86_64-fedora-gcc, r-oldrel-macos-arm64