CRAN Package Check Results for Package Certara.R

Last updated on 2024-02-26 23:03:35 CET.

Flavor Version Tinstall Tcheck Ttotal Status Flags
r-devel-linux-x86_64-debian-clang 1.1.0 2.58 22.27 24.85 OK
r-devel-linux-x86_64-debian-gcc 1.1.0 2.05 17.48 19.53 OK
r-devel-linux-x86_64-fedora-clang 1.1.0 31.83 NOTE
r-devel-linux-x86_64-fedora-gcc 1.1.0 30.64 NOTE
r-devel-windows-x86_64 1.1.0 4.00 40.00 44.00 OK
r-patched-linux-x86_64 1.1.0 2.41 21.04 23.45 OK
r-release-linux-x86_64 1.1.0 2.51 20.98 23.49 OK
r-release-macos-arm64 1.1.0 19.00 OK
r-release-macos-x86_64 1.1.0 24.00 OK
r-release-windows-x86_64 1.1.0 5.00 39.00 44.00 OK
r-oldrel-macos-arm64 1.1.0 19.00 OK
r-oldrel-windows-x86_64 1.1.0 5.00 43.00 48.00 OK

Check Details

Version: 1.1.0
Check: dependencies in R code
Result: NOTE Namespaces in Imports field not imported from: ‘DT’ ‘batchtools’ ‘data.table’ ‘dplyr’ ‘ggplot2’ ‘htmltools’ ‘jsonlite’ ‘magrittr’ ‘methods’ ‘plotly’ ‘reshape’ ‘rlang’ ‘shiny’ ‘shinyWidgets’ ‘shinyjqui’ ‘shinyjs’ ‘shinymaterial’ ‘sortable’ ‘ssh’ ‘xml2’ All declared Imports should be used. Flavors: r-devel-linux-x86_64-fedora-clang, r-devel-linux-x86_64-fedora-gcc