CRAN Package Check Results for Package ConsReg

Last updated on 2024-04-16 23:51:49 CEST.

Flavor Version Tinstall Tcheck Ttotal Status Flags
r-devel-linux-x86_64-debian-clang 0.1.0 6.19 58.80 64.99 OK
r-devel-linux-x86_64-debian-gcc 0.1.0 4.71 43.07 47.78 OK
r-devel-linux-x86_64-fedora-clang 0.1.0 80.79 NOTE
r-devel-linux-x86_64-fedora-gcc 0.1.0 89.39 NOTE
r-prerel-macos-arm64 0.1.0 35.00 OK
r-prerel-windows-x86_64 0.1.0 7.00 103.00 110.00 OK
r-patched-linux-x86_64 0.1.0 3.63 54.42 58.05 OK
r-release-linux-x86_64 0.1.0 3.50 54.34 57.84 OK
r-release-macos-arm64 0.1.0 37.00 OK
r-release-macos-x86_64 0.1.0 49.00 OK
r-release-windows-x86_64 0.1.0 9.00 75.00 84.00 OK
r-oldrel-macos-arm64 0.1.0 29.00 OK
r-oldrel-windows-x86_64 0.1.0 9.00 78.00 87.00 OK

Check Details

Version: 0.1.0
Check: compiled code
Result: NOTE File ‘ConsReg/libs/ConsReg.so’: Found no calls to: ‘R_registerRoutines’, ‘R_useDynamicSymbols’ It is good practice to register native routines and to disable symbol search. See ‘Writing portable packages’ in the ‘Writing R Extensions’ manual. Flavors: r-devel-linux-x86_64-fedora-clang, r-devel-linux-x86_64-fedora-gcc