CRAN Package Check Results for Package Copula.Markov.survival

Last updated on 2024-07-22 22:56:20 CEST.

Flavor Version Tinstall Tcheck Ttotal Status Flags
r-devel-linux-x86_64-debian-clang 1.0.0 12.24 79.99 92.23 NOTE
r-devel-linux-x86_64-debian-gcc 1.0.0 6.86 57.51 64.37 NOTE
r-devel-linux-x86_64-fedora-clang 1.0.0 110.03 NOTE
r-devel-linux-x86_64-fedora-gcc 1.0.0 100.87 NOTE
r-devel-windows-x86_64 1.0.0 11.00 71.00 82.00 NOTE
r-patched-linux-x86_64 1.0.0 9.99 73.24 83.23 NOTE
r-release-linux-x86_64 1.0.0 7.55 74.65 82.20 NOTE
r-release-macos-arm64 1.0.0 33.00 NOTE
r-release-macos-x86_64 1.0.0 47.00 NOTE
r-release-windows-x86_64 1.0.0 10.00 71.00 81.00 NOTE
r-oldrel-macos-arm64 1.0.0 37.00 NOTE
r-oldrel-macos-x86_64 1.0.0 56.00 NOTE
r-oldrel-windows-x86_64 1.0.0 12.00 84.00 96.00 NOTE

Check Details

Version: 1.0.0
Check: LazyData
Result: NOTE 'LazyData' is specified without a 'data' directory Flavors: r-devel-linux-x86_64-debian-clang, r-devel-linux-x86_64-debian-gcc, r-devel-linux-x86_64-fedora-clang, r-devel-linux-x86_64-fedora-gcc, r-devel-windows-x86_64, r-patched-linux-x86_64, r-release-linux-x86_64, r-release-macos-arm64, r-release-macos-x86_64, r-release-windows-x86_64, r-oldrel-macos-arm64, r-oldrel-macos-x86_64, r-oldrel-windows-x86_64