Last updated on 2023-12-07 23:10:04 CET.
Flavor | Version | Tinstall | Tcheck | Ttotal | Status | Flags |
---|---|---|---|---|---|---|
r-devel-linux-x86_64-debian-clang | 2.60 | 4.07 | 86.12 | 90.19 | NOTE | |
r-devel-linux-x86_64-debian-gcc | 2.60 | 4.80 | 69.05 | 73.85 | NOTE | |
r-devel-linux-x86_64-fedora-clang | 2.60 | 112.22 | OK | |||
r-devel-linux-x86_64-fedora-gcc | 2.60 | 121.89 | OK | |||
r-devel-windows-x86_64 | 2.60 | 6.00 | 96.00 | 102.00 | OK | |
r-patched-linux-x86_64 | 2.60 | 7.76 | 83.02 | 90.78 | OK | |
r-release-linux-x86_64 | 2.60 | 6.09 | 82.70 | 88.79 | OK | |
r-release-macos-arm64 | 2.60 | 59.00 | OK | |||
r-release-macos-x86_64 | 2.60 | 86.00 | OK | |||
r-release-windows-x86_64 | 2.60 | 8.00 | 107.00 | 115.00 | OK | |
r-oldrel-macos-arm64 | 2.60 | 53.00 | OK | |||
r-oldrel-macos-x86_64 | 2.60 | 56.00 | OK | |||
r-oldrel-windows-x86_64 | 2.60 | 7.00 | 107.00 | 114.00 | OK |
Version: 2.60
Check: Rd files
Result: NOTE
checkRd: (-1) Sample.data.Rd:11: Lost braces in \itemize; meant \describe ?
checkRd: (-1) Sample.data.Rd:12: Lost braces in \itemize; meant \describe ?
checkRd: (-1) Sample.data.Rd:13: Lost braces in \itemize; meant \describe ?
checkRd: (-1) Sample.data.Rd:19: Lost braces in \itemize; meant \describe ?
checkRd: (-1) Sample.data.Rd:20: Lost braces in \itemize; meant \describe ?
checkRd: (-1) Sample.data.Rd:21: Lost braces in \itemize; meant \describe ?
Flavors: r-devel-linux-x86_64-debian-clang, r-devel-linux-x86_64-debian-gcc