Last updated on 2023-12-02 02:49:06 CET.
Flavor | Version | Tinstall | Tcheck | Ttotal | Status | Flags |
---|---|---|---|---|---|---|
r-devel-linux-x86_64-debian-clang | 1.2.7 | 11.64 | 105.92 | 117.56 | OK | |
r-devel-linux-x86_64-debian-gcc | 1.2.7 | 9.84 | 78.95 | 88.79 | OK | |
r-devel-linux-x86_64-fedora-clang | 1.2.7 | 148.01 | NOTE | |||
r-devel-linux-x86_64-fedora-gcc | 1.2.7 | 150.20 | OK | |||
r-devel-windows-x86_64 | 1.2.7 | 12.00 | 127.00 | 139.00 | OK | |
r-patched-linux-x86_64 | 1.2.7 | 11.65 | 101.90 | 113.55 | OK | |
r-release-linux-x86_64 | 1.2.7 | 10.69 | 100.25 | 110.94 | OK | |
r-release-macos-arm64 | 1.2.7 | 52.00 | OK | |||
r-release-macos-x86_64 | 1.2.7 | 83.00 | OK | |||
r-release-windows-x86_64 | 1.2.7 | 14.00 | 135.00 | 149.00 | OK | |
r-oldrel-macos-arm64 | 1.2.7 | 44.00 | OK | |||
r-oldrel-macos-x86_64 | 1.2.7 | 70.00 | OK | |||
r-oldrel-windows-x86_64 | 1.2.7 | 15.00 | 142.00 | 157.00 | OK |
Version: 1.2.7
Check: Rd cross-references
Result: NOTE
Undeclared package ‘copula’ in Rd xrefs
Flavor: r-devel-linux-x86_64-fedora-clang