CRAN Package Check Results for Package DA

Last updated on 2024-02-23 21:56:44 CET.

Flavor Version Tinstall Tcheck Ttotal Status Flags
r-devel-linux-x86_64-debian-clang 1.2.0 OK
r-devel-linux-x86_64-debian-gcc 1.2.0 14.23 136.30 150.53 OK
r-devel-linux-x86_64-fedora-clang 1.2.0 245.55 NOTE
r-devel-linux-x86_64-fedora-gcc 1.2.0 254.21 OK
r-devel-windows-x86_64 1.2.0 18.00 140.00 158.00 NOTE
r-patched-linux-x86_64 1.2.0 20.28 174.15 194.43 OK
r-release-linux-x86_64 1.2.0 16.20 176.95 193.15 OK
r-release-macos-arm64 1.2.0 84.00 NOTE
r-release-macos-x86_64 1.2.0 137.00 NOTE
r-release-windows-x86_64 1.2.0 24.00 174.00 198.00 NOTE
r-oldrel-macos-arm64 1.2.0 69.00 NOTE
r-oldrel-windows-x86_64 1.2.0 25.00 179.00 204.00 NOTE

Check Details

Version: 1.2.0
Check: installed package size
Result: NOTE installed size is 5.1Mb sub-directories of 1Mb or more: doc 4.4Mb Flavors: r-devel-linux-x86_64-fedora-clang, r-devel-windows-x86_64, r-release-macos-arm64, r-release-macos-x86_64, r-release-windows-x86_64, r-oldrel-macos-arm64, r-oldrel-windows-x86_64