CRAN Package Check Results for Package DCSmooth

Last updated on 2024-02-24 21:40:17 CET.

Flavor Version Tinstall Tcheck Ttotal Status Flags
r-devel-linux-x86_64-debian-clang 1.1.2 205.94 307.05 512.99 NOTE
r-devel-linux-x86_64-debian-gcc 1.1.2 160.81 252.82 413.63 NOTE
r-devel-linux-x86_64-fedora-clang 1.1.2 748.59 NOTE
r-devel-linux-x86_64-fedora-gcc 1.1.2 746.73 NOTE
r-devel-windows-x86_64 1.1.2 156.00 268.00 424.00 NOTE
r-patched-linux-x86_64 1.1.2 170.90 299.84 470.74 NOTE
r-release-linux-x86_64 1.1.2 161.61 300.09 461.70 NOTE
r-release-macos-arm64 1.1.2 180.00 NOTE
r-release-macos-x86_64 1.1.2 337.00 NOTE
r-release-windows-x86_64 1.1.2 198.00 333.00 531.00 NOTE
r-oldrel-macos-arm64 1.1.2 155.00 NOTE
r-oldrel-windows-x86_64 1.1.2 195.00 332.00 527.00 OK

Check Details

Version: 1.1.2
Check: C++ specification
Result: NOTE Specified C++11: please drop specification unless essential Flavors: r-devel-linux-x86_64-debian-clang, r-devel-linux-x86_64-debian-gcc, r-devel-linux-x86_64-fedora-clang, r-devel-linux-x86_64-fedora-gcc, r-devel-windows-x86_64, r-patched-linux-x86_64, r-release-linux-x86_64, r-release-macos-arm64, r-release-macos-x86_64, r-release-windows-x86_64

Version: 1.1.2
Check: Rd files
Result: NOTE checkRd: (-1) kernel.assign.Rd:27: Lost braces; missing escapes or markup? 27 | {q = [0, 1]}. Kernels are of the Müller-Wang type ("MW"), Müller type ("M") | ^ Flavors: r-devel-linux-x86_64-debian-clang, r-devel-linux-x86_64-debian-gcc, r-devel-linux-x86_64-fedora-clang, r-devel-linux-x86_64-fedora-gcc

Version: 1.1.2
Check: installed package size
Result: NOTE installed size is 8.0Mb sub-directories of 1Mb or more: data 1.9Mb libs 5.5Mb Flavors: r-release-macos-arm64, r-release-macos-x86_64, r-oldrel-macos-arm64