Last updated on 2023-12-11 00:49:03 CET.
Flavor | Version | Tinstall | Tcheck | Ttotal | Status | Flags |
---|---|---|---|---|---|---|
r-devel-linux-x86_64-debian-clang | 1.0-1 | 9.15 | 185.16 | 194.31 | NOTE | |
r-devel-linux-x86_64-debian-gcc | 1.0-1 | 8.06 | 139.42 | 147.48 | NOTE | |
r-devel-linux-x86_64-fedora-clang | 1.0-1 | 249.85 | NOTE | |||
r-devel-linux-x86_64-fedora-gcc | 1.0-1 | 256.12 | NOTE | |||
r-devel-windows-x86_64 | 1.0-1 | 10.00 | 117.00 | 127.00 | NOTE | --no-vignettes |
r-patched-linux-x86_64 | 1.0-1 | 18.42 | 183.22 | 201.64 | NOTE | |
r-release-linux-x86_64 | 1.0-1 | 8.08 | 175.94 | 184.02 | NOTE | |
r-release-macos-arm64 | 1.0-1 | 289.00 | NOTE | |||
r-release-macos-x86_64 | 1.0-1 | 470.00 | NOTE | |||
r-release-windows-x86_64 | 1.0-1 | 13.00 | 126.00 | 139.00 | NOTE | --no-vignettes |
r-oldrel-macos-arm64 | 1.0-1 | 396.00 | NOTE | |||
r-oldrel-macos-x86_64 | 1.0-1 | 813.00 | NOTE | |||
r-oldrel-windows-x86_64 | 1.0-1 | 14.00 | 137.00 | 151.00 | NOTE | --no-vignettes |
Version: 1.0-1
Check: package dependencies
Result: NOTE
Package suggested but not available for checking: ‘INLA’
Flavors: r-devel-linux-x86_64-debian-clang, r-devel-linux-x86_64-debian-gcc, r-patched-linux-x86_64, r-release-linux-x86_64, r-release-macos-arm64, r-release-macos-x86_64, r-oldrel-macos-arm64, r-oldrel-macos-x86_64
Version: 1.0-1
Check: Rd files
Result: NOTE
checkRd: (-1) CalcStatClusterGivenCenter.Rd:36: Lost braces; missing escapes or markup?
36 | This can be "glm" for generalized linear models (\link{glm} {stats}),
| ^
checkRd: (-1) CalcStatClusterGivenCenter.Rd:37: Lost braces; missing escapes or markup?
37 | "glmer" for generalized linear mixed model (\link{glmer} {lme4}),
| ^
checkRd: (-1) CalcStatsAllClusters.Rd:49: Lost braces; missing escapes or markup?
49 | This can be "glm" for generalized linear models (\link{glm} {stats}),
| ^
checkRd: (-1) CalcStatsAllClusters.Rd:50: Lost braces; missing escapes or markup?
50 | "glmer" for generalized linear mixed model (\link{glmer} {lme4}),
| ^
checkRd: (-1) DetectClustersModel.Rd:60: Lost braces; missing escapes or markup?
60 | This can be "glm" for generalized linear models (\link{glm} {stats}),
| ^
checkRd: (-1) DetectClustersModel.Rd:61: Lost braces; missing escapes or markup?
61 | "glmer" for generalized linear mixed model (\link{glmer} {lme4}),
| ^
checkRd: (-1) glmAndZIP.iscluster.Rd:34: Lost braces; missing escapes or markup?
34 | This can be "glm" for generalized linear models (\link{glm} {stats}),
| ^
checkRd: (-1) glmAndZIP.iscluster.Rd:35: Lost braces; missing escapes or markup?
35 | "glmer" for generalized linear mixed model (\link{glmer} {lme4}),
| ^
Flavors: r-devel-linux-x86_64-debian-clang, r-devel-linux-x86_64-debian-gcc
Version: 1.0-1
Check: data for non-ASCII characters
Result: NOTE
Note: found 2 marked Latin-1 strings
Flavors: r-devel-linux-x86_64-fedora-clang, r-devel-linux-x86_64-fedora-gcc, r-oldrel-macos-arm64, r-oldrel-macos-x86_64
Version: 1.0-1
Flags: --no-vignettes
Check: package dependencies
Result: NOTE
Package suggested but not available for checking: 'INLA'
Flavors: r-devel-windows-x86_64, r-release-windows-x86_64, r-oldrel-windows-x86_64