CRAN Package Check Results for Package DIMORA

Last updated on 2024-04-22 23:54:19 CEST.

Flavor Version Tinstall Tcheck Ttotal Status Flags
r-devel-linux-x86_64-debian-clang 0.3.6 7.74 81.24 88.98 NOTE
r-devel-linux-x86_64-debian-gcc 0.3.6 7.69 60.70 68.39 NOTE
r-devel-linux-x86_64-fedora-clang 0.3.6 112.99 NOTE
r-devel-linux-x86_64-fedora-gcc 0.3.6 105.47 NOTE
r-prerel-macos-arm64 0.3.6 34.00 NOTE
r-prerel-windows-x86_64 0.3.6 11.00 74.00 85.00 NOTE
r-patched-linux-x86_64 0.3.6 11.40 76.34 87.74 NOTE
r-release-linux-x86_64 0.3.6 10.67 78.27 88.94 OK
r-release-macos-arm64 0.3.6 36.00 OK
r-release-macos-x86_64 0.3.6 74.00 OK
r-release-windows-x86_64 0.3.6 12.00 90.00 102.00 OK
r-oldrel-macos-arm64 0.3.6 37.00 OK
r-oldrel-windows-x86_64 0.3.6 12.00 94.00 106.00 OK

Check Details

Version: 0.3.6
Check: Rd files
Result: NOTE checkRd: (-1) BM.Rd:53-57: Lost braces in \itemize; meant \describe ? checkRd: (-1) BM.Rd:59-62: Lost braces in \itemize; meant \describe ? checkRd: (-1) BM.Rd:64-67: Lost braces in \itemize; meant \describe ? checkRd: (-1) BM.Rd:69-72: Lost braces in \itemize; meant \describe ? checkRd: (-1) DBdimora.Rd:14-18: Lost braces in \itemize; meant \describe ? checkRd: (-1) DBdimora.Rd:20-23: Lost braces in \itemize; meant \describe ? checkRd: (-1) DBdimora.Rd:25-28: Lost braces in \itemize; meant \describe ? checkRd: (-1) DBdimora.Rd:30-33: Lost braces in \itemize; meant \describe ? checkRd: (-1) DIMORA.Rd:17-21: Lost braces in \itemize; meant \describe ? checkRd: (-1) DIMORA.Rd:23-26: Lost braces in \itemize; meant \describe ? checkRd: (-1) DIMORA.Rd:28-31: Lost braces in \itemize; meant \describe ? checkRd: (-1) DIMORA.Rd:33-36: Lost braces in \itemize; meant \describe ? checkRd: (-1) GBM.Rd:33-41: Lost braces in \itemize; meant \describe ? checkRd: (-1) GBM.Rd:43-50: Lost braces in \itemize; meant \describe ? checkRd: (-1) GBM.Rd:53-63: Lost braces in \itemize; meant \describe ? checkRd: (-1) GBM.Rd:94-98: Lost braces in \itemize; meant \describe ? checkRd: (-1) GBM.Rd:100-103: Lost braces in \itemize; meant \describe ? checkRd: (-1) GBM.Rd:105-108: Lost braces in \itemize; meant \describe ? checkRd: (-1) GBM.Rd:110-113: Lost braces in \itemize; meant \describe ? checkRd: (-1) GGM.Rd:59-63: Lost braces in \itemize; meant \describe ? checkRd: (-1) GGM.Rd:65-68: Lost braces in \itemize; meant \describe ? checkRd: (-1) GGM.Rd:70-73: Lost braces in \itemize; meant \describe ? checkRd: (-1) GGM.Rd:75-78: Lost braces in \itemize; meant \describe ? checkRd: (-1) UCRCD.Rd:41: Lost braces in \itemize; meant \describe ? checkRd: (-1) UCRCD.Rd:42: Lost braces in \itemize; meant \describe ? checkRd: (-1) UCRCD.Rd:43: Lost braces in \itemize; meant \describe ? checkRd: (-1) UCRCD.Rd:44: Lost braces in \itemize; meant \describe ? checkRd: (-1) UCRCD.Rd:45: Lost braces in \itemize; meant \describe ? checkRd: (-1) UCRCD.Rd:46: Lost braces in \itemize; meant \describe ? checkRd: (-1) UCRCD.Rd:47: Lost braces in \itemize; meant \describe ? checkRd: (-1) UCRCD.Rd:48: Lost braces in \itemize; meant \describe ? checkRd: (-1) UCRCD.Rd:49: Lost braces in \itemize; meant \describe ? checkRd: (-1) UCRCD.Rd:50: Lost braces in \itemize; meant \describe ? checkRd: (-1) UCRCD.Rd:87-91: Lost braces in \itemize; meant \describe ? checkRd: (-1) UCRCD.Rd:93-96: Lost braces in \itemize; meant \describe ? checkRd: (-1) UCRCD.Rd:98-101: Lost braces in \itemize; meant \describe ? checkRd: (-1) UCRCD.Rd:103-106: Lost braces in \itemize; meant \describe ? checkRd: (-1) makeinstantanous.Rd:18-22: Lost braces in \itemize; meant \describe ? checkRd: (-1) makeinstantanous.Rd:24-27: Lost braces in \itemize; meant \describe ? checkRd: (-1) makeinstantanous.Rd:29-32: Lost braces in \itemize; meant \describe ? checkRd: (-1) makeinstantanous.Rd:34-37: Lost braces in \itemize; meant \describe ? checkRd: (-1) plot.Dimora.Rd:25-29: Lost braces in \itemize; meant \describe ? checkRd: (-1) plot.Dimora.Rd:31-34: Lost braces in \itemize; meant \describe ? checkRd: (-1) plot.Dimora.Rd:36-39: Lost braces in \itemize; meant \describe ? checkRd: (-1) plot.Dimora.Rd:41-44: Lost braces in \itemize; meant \describe ? checkRd: (-1) predict.Dimora.Rd:30-34: Lost braces in \itemize; meant \describe ? checkRd: (-1) predict.Dimora.Rd:36-39: Lost braces in \itemize; meant \describe ? checkRd: (-1) predict.Dimora.Rd:41-44: Lost braces in \itemize; meant \describe ? checkRd: (-1) predict.Dimora.Rd:46-49: Lost braces in \itemize; meant \describe ? checkRd: (-1) summary.Dimora.Rd:27-31: Lost braces in \itemize; meant \describe ? checkRd: (-1) summary.Dimora.Rd:33-36: Lost braces in \itemize; meant \describe ? checkRd: (-1) summary.Dimora.Rd:38-41: Lost braces in \itemize; meant \describe ? checkRd: (-1) summary.Dimora.Rd:43-46: Lost braces in \itemize; meant \describe ? Flavors: r-devel-linux-x86_64-debian-clang, r-devel-linux-x86_64-debian-gcc, r-devel-linux-x86_64-fedora-clang, r-devel-linux-x86_64-fedora-gcc, r-prerel-macos-arm64, r-prerel-windows-x86_64, r-patched-linux-x86_64