CRAN Package Check Results for Package DIconvex

Last updated on 2024-06-23 22:48:28 CEST.

Flavor Version Tinstall Tcheck Ttotal Status Flags
r-devel-linux-x86_64-debian-clang 1.0.0 2.34 21.77 24.11 NOTE
r-devel-linux-x86_64-debian-gcc 1.0.0 1.64 17.14 18.78 NOTE
r-devel-linux-x86_64-fedora-clang 1.0.0 31.10 NOTE
r-devel-linux-x86_64-fedora-gcc 1.0.0 29.13 NOTE
r-devel-windows-x86_64 1.0.0 3.00 38.00 41.00 NOTE
r-patched-linux-x86_64 1.0.0 2.37 21.61 23.98 NOTE
r-release-linux-x86_64 1.0.0 1.91 21.18 23.09 NOTE
r-release-macos-arm64 1.0.0 14.00 NOTE
r-release-macos-x86_64 1.0.0 22.00 NOTE
r-release-windows-x86_64 1.0.0 3.00 38.00 41.00 NOTE
r-oldrel-macos-arm64 1.0.0 14.00 OK
r-oldrel-macos-x86_64 1.0.0 19.00 OK
r-oldrel-windows-x86_64 1.0.0 4.00 38.00 42.00 OK

Check Details

Version: 1.0.0
Check: Rd files
Result: NOTE checkRd: (-1) DIconvex.Rd:40: Lost braces; missing escapes or markup? 40 | {Paul Schneider <paul.schneider@usi.ch>}{} | ^ Flavors: r-devel-linux-x86_64-debian-clang, r-devel-linux-x86_64-debian-gcc, r-devel-linux-x86_64-fedora-clang, r-devel-linux-x86_64-fedora-gcc, r-devel-windows-x86_64, r-patched-linux-x86_64, r-release-linux-x86_64, r-release-macos-arm64, r-release-macos-x86_64, r-release-windows-x86_64