CRAN Package Check Results for Package DPP

Last updated on 2024-02-24 21:40:18 CET.

Flavor Version Tinstall Tcheck Ttotal Status Flags
r-devel-linux-x86_64-debian-clang 0.1.2 58.88 56.76 115.64 OK
r-devel-linux-x86_64-debian-gcc 0.1.2 46.17 42.85 89.02 OK
r-devel-linux-x86_64-fedora-clang 0.1.2 166.31 OK
r-devel-linux-x86_64-fedora-gcc 0.1.2 170.31 OK
r-devel-windows-x86_64 0.1.2 45.00 83.00 128.00 OK
r-patched-linux-x86_64 0.1.2 56.13 55.48 111.61 OK
r-release-linux-x86_64 0.1.2 54.40 54.89 109.29 OK
r-release-macos-arm64 0.1.2 49.00 NOTE
r-release-macos-x86_64 0.1.2 84.00 NOTE
r-release-windows-x86_64 0.1.2 42.00 97.00 139.00 OK
r-oldrel-macos-arm64 0.1.2 47.00 NOTE
r-oldrel-windows-x86_64 0.1.2 53.00 93.00 146.00 OK

Check Details

Version: 0.1.2
Check: installed package size
Result: NOTE installed size is 6.8Mb sub-directories of 1Mb or more: libs 6.3Mb Flavors: r-release-macos-arm64, r-release-macos-x86_64, r-oldrel-macos-arm64