CRAN Package Check Results for Package DataVisualizations

Last updated on 2024-02-23 21:56:44 CET.

Flavor Version Tinstall Tcheck Ttotal Status Flags
r-devel-linux-x86_64-debian-clang 1.3.2 OK
r-devel-linux-x86_64-debian-gcc 1.3.2 35.15 175.80 210.95 OK
r-devel-linux-x86_64-fedora-clang 1.3.2 384.63 NOTE
r-devel-linux-x86_64-fedora-gcc 1.3.2 398.34 OK
r-devel-windows-x86_64 1.3.2 39.00 207.00 246.00 OK
r-patched-linux-x86_64 1.3.2 48.28 247.91 296.19 OK
r-release-linux-x86_64 1.3.2 41.46 243.15 284.61 OK
r-release-macos-arm64 1.3.2 86.00 OK
r-release-macos-x86_64 1.3.2 222.00 OK
r-release-windows-x86_64 1.3.2 51.00 254.00 305.00 OK
r-oldrel-macos-arm64 1.3.2 85.00 OK
r-oldrel-windows-x86_64 1.3.2 49.00 238.00 287.00 OK

Check Details

Version: 1.3.2
Check: Rd cross-references
Result: NOTE Undeclared package ‘FCPS’ in Rd xrefs Flavor: r-devel-linux-x86_64-fedora-clang