CRAN Package Check Results for Package DesignCTPB

Last updated on 2024-02-24 21:40:17 CET.

Flavor Version Tinstall Tcheck Ttotal Status Flags
r-devel-linux-x86_64-debian-clang 1.1.3 3.05 30.79 33.84 NOTE
r-devel-linux-x86_64-debian-gcc 1.1.3 2.36 24.22 26.58 NOTE
r-devel-linux-x86_64-fedora-clang 1.1.3 43.73 NOTE
r-devel-linux-x86_64-fedora-gcc 1.1.3 56.28 NOTE
r-devel-windows-x86_64 1.1.3 4.00 47.00 51.00 OK
r-patched-linux-x86_64 1.1.3 3.02 31.01 34.03 OK
r-release-linux-x86_64 1.1.3 2.46 30.19 32.65 OK
r-release-macos-arm64 1.1.3 24.00 OK
r-release-macos-x86_64 1.1.3 36.00 OK
r-release-windows-x86_64 1.1.3 5.00 47.00 52.00 OK
r-oldrel-macos-arm64 1.1.3 20.00 NOTE
r-oldrel-windows-x86_64 1.1.3 4.00 50.00 54.00 OK

Check Details

Version: 1.1.3
Check: Rd files
Result: NOTE checkRd: (-1) alpha.split.Rd:21: Lost braces; missing escapes or markup? 21 | \item{r}{vector for the proportion for each sub-population, r_1 is 1, r_i>r_{i+1}} | ^ checkRd: (-1) designCTPB.Rd:25: Lost braces; missing escapes or markup? 25 | \item{r_set}{the matrix of proportion for each sub-population, r_1 is 1, r_i>r_{i+1}} | ^ checkRd: (-1) phat.Rd:21: Lost braces; missing escapes or markup? 21 | \item{r}{vector for the proportion for each sub-population, r_1is 1, r_i>r_{i+1}} | ^ Flavors: r-devel-linux-x86_64-debian-clang, r-devel-linux-x86_64-debian-gcc, r-devel-linux-x86_64-fedora-clang, r-devel-linux-x86_64-fedora-gcc

Version: 1.1.3
Check: dependencies in R code
Result: NOTE Namespace in Imports field not imported from: ‘dplyr’ All declared Imports should be used. Flavors: r-devel-linux-x86_64-fedora-clang, r-devel-linux-x86_64-fedora-gcc, r-oldrel-macos-arm64