Last updated on 2023-12-11 00:49:04 CET.
Flavor | Version | Tinstall | Tcheck | Ttotal | Status | Flags |
---|---|---|---|---|---|---|
r-devel-linux-x86_64-debian-clang | 0.2.1 | 3.31 | 51.45 | 54.76 | OK | |
r-devel-linux-x86_64-debian-gcc | 0.2.1 | 1.96 | 38.17 | 40.13 | OK | |
r-devel-linux-x86_64-fedora-clang | 0.2.1 | 67.04 | NOTE | |||
r-devel-linux-x86_64-fedora-gcc | 0.2.1 | 74.83 | NOTE | |||
r-devel-windows-x86_64 | 0.2.1 | 3.00 | 66.00 | 69.00 | OK | |
r-patched-linux-x86_64 | 0.2.1 | 3.17 | 49.57 | 52.74 | OK | |
r-release-linux-x86_64 | 0.2.1 | 2.99 | 49.73 | 52.72 | OK | |
r-release-macos-arm64 | 0.2.1 | 32.00 | OK | |||
r-release-macos-x86_64 | 0.2.1 | 47.00 | OK | |||
r-release-windows-x86_64 | 0.2.1 | 4.00 | 68.00 | 72.00 | OK | |
r-oldrel-macos-arm64 | 0.2.1 | 26.00 | OK | |||
r-oldrel-macos-x86_64 | 0.2.1 | 32.00 | NOTE | |||
r-oldrel-windows-x86_64 | 0.2.1 | 5.00 | 65.00 | 70.00 | OK |
Version: 0.2.1
Check: dependencies in R code
Result: NOTE
Namespace in Imports field not imported from: ‘sandwich’
All declared Imports should be used.
Flavors: r-devel-linux-x86_64-fedora-clang, r-devel-linux-x86_64-fedora-gcc, r-oldrel-macos-x86_64