CRAN Package Check Results for Package EGRET

Last updated on 2024-04-13 21:41:36 CEST.

Flavor Version Tinstall Tcheck Ttotal Status Flags
r-devel-linux-x86_64-debian-clang 3.0.9 14.70 239.02 253.72 NOTE
r-devel-linux-x86_64-debian-gcc 3.0.9 11.34 172.46 183.80 NOTE
r-devel-linux-x86_64-fedora-clang 3.0.9 334.91 NOTE
r-devel-linux-x86_64-fedora-gcc 3.0.9 330.64 NOTE
r-devel-windows-x86_64 3.0.9 13.00 196.00 209.00 NOTE
r-patched-linux-x86_64 3.0.9 15.85 222.09 237.94 NOTE
r-release-linux-x86_64 3.0.9 9.95 206.14 216.09 OK
r-release-macos-arm64 3.0.9 88.00 OK
r-release-macos-x86_64 3.0.9 176.00 OK
r-release-windows-x86_64 3.0.9 17.00 247.00 264.00 OK
r-oldrel-macos-arm64 3.0.9 82.00 OK
r-oldrel-windows-x86_64 3.0.9 19.00 221.00 240.00 OK

Check Details

Version: 3.0.9
Check: Rd files
Result: NOTE checkRd: (-1) Constants.Rd:13: Lost braces in \itemize; meant \describe ? checkRd: (-1) Constants.Rd:14: Lost braces in \itemize; meant \describe ? checkRd: (-1) Constants.Rd:15: Lost braces in \itemize; meant \describe ? checkRd: (-1) boxConcMonth.Rd:24: Lost braces; missing escapes or markup? 24 | \item{las}{numeric in {0,1,2,3}; the style of axis labels, see ?par} | ^ checkRd: (-1) boxQTwice.Rd:28: Lost braces; missing escapes or markup? 28 | \item{las}{numeric in {0,1,2,3}; the style of axis labels, see ?par} | ^ checkRd: (-1) boxResidMonth.Rd:17: Lost braces; missing escapes or markup? 17 | \item{las}{numeric in {0,1,2,3}; the style of axis labels} | ^ Flavors: r-devel-linux-x86_64-debian-clang, r-devel-linux-x86_64-debian-gcc, r-devel-linux-x86_64-fedora-clang, r-devel-linux-x86_64-fedora-gcc, r-devel-windows-x86_64, r-patched-linux-x86_64