CRAN Package Check Results for Package EnvStats

Last updated on 2023-12-07 10:49:39 CET.

Flavor Version Tinstall Tcheck Ttotal Status Flags
r-devel-linux-x86_64-debian-clang 2.8.1 69.17 552.10 621.27 NOTE
r-devel-linux-x86_64-debian-gcc 2.8.1 55.39 393.44 448.83 NOTE
r-devel-linux-x86_64-fedora-clang 2.8.1 761.40 NOTE
r-devel-linux-x86_64-fedora-gcc 2.8.1 742.38 OK
r-devel-windows-x86_64 2.8.1 64.00 482.00 546.00 NOTE
r-patched-linux-x86_64 2.8.1 91.46 548.15 639.61 OK
r-release-linux-x86_64 2.8.1 60.33 533.57 593.90 OK
r-release-macos-arm64 2.8.1 161.00 NOTE
r-release-macos-x86_64 2.8.1 380.00 NOTE
r-release-windows-x86_64 2.8.1 87.00 620.00 707.00 NOTE
r-oldrel-macos-arm64 2.8.1 159.00 NOTE
r-oldrel-macos-x86_64 2.8.1 204.00 NOTE
r-oldrel-windows-x86_64 2.8.1 84.00 545.00 629.00 NOTE

Check Details

Version: 2.8.1
Check: Rd files
Result: NOTE checkRd: (-1) Olympic.NH4.df.Rd:35: Lost braces in \itemize; meant \describe ? checkRd: (-1) Olympic.NH4.df.Rd:36: Lost braces in \itemize; meant \describe ? checkRd: (-1) Olympic.NH4.df.Rd:37: Lost braces in \itemize; meant \describe ? checkRd: (-1) Olympic.NH4.df.Rd:38: Lost braces in \itemize; meant \describe ? checkRd: (-1) Olympic.NH4.df.Rd:39: Lost braces in \itemize; meant \describe ? checkRd: (-1) Olympic.NH4.df.Rd:40: Lost braces in \itemize; meant \describe ? checkRd: (-1) Olympic.NH4.df.Rd:41: Lost braces in \itemize; meant \describe ? checkRd: (-1) Olympic.NH4.df.Rd:42: Lost braces in \itemize; meant \describe ? checkRd: (-1) eqpois.Rd:200: Lost braces 200 | \code{\link{epois}}, \link[stats]{Poisson}, code{\link{estimate.object}}. | ^ checkRd: (-1) plotPredIntLnormAltSimultaneousTestPowerCurve.Rd:77: Lost braces 77 | positive integer between \code{1} and code{r} specifying the number of future | ^ Flavors: r-devel-linux-x86_64-debian-clang, r-devel-linux-x86_64-debian-gcc

Version: 2.8.1
Check: installed package size
Result: NOTE installed size is 6.6Mb sub-directories of 1Mb or more: R 2.3Mb help 3.6Mb Flavors: r-devel-linux-x86_64-fedora-clang, r-devel-windows-x86_64, r-release-macos-arm64, r-release-macos-x86_64, r-release-windows-x86_64, r-oldrel-macos-arm64, r-oldrel-macos-x86_64, r-oldrel-windows-x86_64