CRAN Package Check Results for Package FCSlib

Last updated on 2024-04-22 23:54:22 CEST.

Flavor Version Tinstall Tcheck Ttotal Status Flags
r-devel-linux-x86_64-debian-clang 1.3.0 9.22 66.93 76.15 NOTE
r-devel-linux-x86_64-debian-gcc 1.3.0 8.31 48.76 57.07 NOTE
r-devel-linux-x86_64-fedora-clang 1.3.0 94.26 NOTE
r-devel-linux-x86_64-fedora-gcc 1.3.0 90.36 NOTE
r-prerel-macos-arm64 1.3.0 28.00 NOTE
r-prerel-windows-x86_64 1.3.0 11.00 72.00 83.00 NOTE
r-patched-linux-x86_64 1.3.0 13.69 62.34 76.03 NOTE
r-release-linux-x86_64 1.3.0 10.26 63.47 73.73 OK
r-release-macos-arm64 1.3.0 35.00 OK
r-release-macos-x86_64 1.3.0 57.00 NOTE
r-release-windows-x86_64 1.3.0 13.00 79.00 92.00 OK
r-oldrel-macos-arm64 1.3.0 41.00 NOTE
r-oldrel-windows-x86_64 1.3.0 14.00 82.00 96.00 OK

Additional issues

donttest

Check Details

Version: 1.3.0
Check: Rd files
Result: NOTE checkRd: (-1) fcs.Rd:36: Lost braces; missing escapes or markup? 36 | The argument nPoints must be smaller than the total number of temporal observations N, it is recommended to set nPoints = 2^n, with n = {2, ..., infinity}. | ^ Flavors: r-devel-linux-x86_64-debian-clang, r-devel-linux-x86_64-debian-gcc, r-devel-linux-x86_64-fedora-clang, r-devel-linux-x86_64-fedora-gcc, r-prerel-macos-arm64, r-prerel-windows-x86_64, r-patched-linux-x86_64

Version: 1.3.0
Check: installed package size
Result: NOTE installed size is 5.9Mb sub-directories of 1Mb or more: data 5.8Mb Flavors: r-release-macos-x86_64, r-oldrel-macos-arm64