CRAN Package Check Results for Package FLORAL

Last updated on 2024-04-16 23:51:53 CEST.

Flavor Version Tinstall Tcheck Ttotal Status Flags
r-devel-linux-x86_64-debian-clang 0.2.0 78.47 417.33 495.80 OK
r-devel-linux-x86_64-debian-gcc 0.2.0 56.30 380.94 437.24 OK
r-devel-linux-x86_64-fedora-clang 0.2.0 845.49 OK
r-devel-linux-x86_64-fedora-gcc 0.2.0 701.21 OK
r-prerel-macos-arm64 0.2.0 200.00 NOTE
r-prerel-macos-x86_64 0.2.0 438.00 NOTE
r-prerel-windows-x86_64 0.2.0 53.00 340.00 393.00 OK
r-patched-linux-x86_64 0.2.0 64.28 491.31 555.59 OK
r-release-linux-x86_64 0.2.0 50.20 485.27 535.47 OK
r-release-macos-arm64 0.2.0 186.00 NOTE
r-release-macos-x86_64 0.2.0 546.00 NOTE
r-release-windows-x86_64 0.2.0 71.00 445.00 516.00 OK
r-oldrel-macos-arm64 0.2.0 212.00 NOTE
r-oldrel-windows-x86_64 0.2.0 68.00 438.00 506.00 OK

Check Details

Version: 0.2.0
Check: installed package size
Result: NOTE installed size is 5.2Mb sub-directories of 1Mb or more: libs 4.2Mb Flavors: r-prerel-macos-arm64, r-prerel-macos-x86_64, r-release-macos-arm64, r-release-macos-x86_64, r-oldrel-macos-arm64