CRAN Package Check Results for Package FinancialInstrument

Last updated on 2024-07-23 23:48:10 CEST.

Flavor Version Tinstall Tcheck Ttotal Status Flags
r-devel-linux-x86_64-debian-clang 1.3.1 7.95 70.95 78.90 OK
r-devel-linux-x86_64-debian-gcc 1.3.1 7.91 51.73 59.64 NOTE
r-devel-linux-x86_64-fedora-clang 1.3.1 105.85 OK
r-devel-linux-x86_64-fedora-gcc 1.3.1 93.22 OK
r-devel-windows-x86_64 1.3.1 12.00 80.00 92.00 NOTE
r-patched-linux-x86_64 1.3.1 12.30 65.97 78.27 OK
r-release-linux-x86_64 1.3.1 8.60 66.36 74.96 OK
r-release-macos-arm64 1.3.1 29.00 OK
r-release-macos-x86_64 1.3.1 58.00 OK
r-release-windows-x86_64 1.3.1 9.00 79.00 88.00 OK
r-oldrel-macos-arm64 1.3.1 32.00 OK
r-oldrel-macos-x86_64 1.3.1 49.00 OK
r-oldrel-windows-x86_64 1.3.1 14.00 90.00 104.00 OK

Check Details

Version: 1.3.1
Check: Rd cross-references
Result: NOTE Found the following Rd file(s) with Rd \link{} targets missing package anchors: instrument.auto.Rd: setSymbolLookup Please provide package anchors for all Rd \link{} targets not in the package itself and the base packages. Flavors: r-devel-linux-x86_64-debian-gcc, r-devel-windows-x86_64