Last updated on 2023-12-09 06:02:05 CET.
Flavor | Version | Tinstall | Tcheck | Ttotal | Status | Flags |
---|---|---|---|---|---|---|
r-devel-linux-x86_64-debian-clang | 0.3.4 | 492.31 | 89.72 | 582.03 | OK | |
r-devel-linux-x86_64-debian-gcc | 0.3.4 | 316.32 | 63.49 | 379.81 | OK | |
r-devel-linux-x86_64-fedora-clang | 0.3.4 | 897.96 | OK | |||
r-devel-linux-x86_64-fedora-gcc | 0.3.4 | 855.62 | OK | |||
r-devel-windows-x86_64 | 0.3.4 | 361.00 | 114.00 | 475.00 | OK | |
r-patched-linux-x86_64 | 0.3.4 | 391.38 | 85.97 | 477.35 | OK | |
r-release-linux-x86_64 | 0.3.4 | 394.09 | 85.74 | 479.83 | OK | |
r-release-macos-arm64 | 0.3.4 | 167.00 | NOTE | |||
r-release-macos-x86_64 | 0.3.4 | 311.00 | NOTE | |||
r-release-windows-x86_64 | 0.3.4 | 458.00 | 131.00 | 589.00 | OK | |
r-oldrel-macos-arm64 | 0.3.4 | 163.00 | NOTE | |||
r-oldrel-macos-x86_64 | 0.3.4 | 191.00 | NOTE | |||
r-oldrel-windows-x86_64 | 0.3.4 | 445.00 | 130.00 | 575.00 | OK |
Version: 0.3.4
Check: installed package size
Result: NOTE
installed size is 12.2Mb
sub-directories of 1Mb or more:
data 1.4Mb
libs 10.1Mb
Flavors: r-release-macos-arm64, r-release-macos-x86_64, r-oldrel-macos-arm64, r-oldrel-macos-x86_64