CRAN Package Check Results for Package GLSME

Last updated on 2024-02-24 21:40:21 CET.

Flavor Version Tinstall Tcheck Ttotal Status Flags
r-devel-linux-x86_64-debian-clang 1.0.5 2.57 32.66 35.23 NOTE
r-devel-linux-x86_64-debian-gcc 1.0.5 2.35 25.29 27.64 NOTE
r-devel-linux-x86_64-fedora-clang 1.0.5 46.32 NOTE
r-devel-linux-x86_64-fedora-gcc 1.0.5 45.23 NOTE
r-devel-windows-x86_64 1.0.5 4.00 51.00 55.00 OK
r-patched-linux-x86_64 1.0.5 2.53 32.68 35.21 OK
r-release-linux-x86_64 1.0.5 3.42 32.19 35.61 OK
r-release-macos-arm64 1.0.5 19.00 OK
r-release-macos-x86_64 1.0.5 29.00 OK
r-release-windows-x86_64 1.0.5 3.00 54.00 57.00 OK
r-oldrel-macos-arm64 1.0.5 20.00 OK
r-oldrel-windows-x86_64 1.0.5 5.00 57.00 62.00 OK

Check Details

Version: 1.0.5
Check: Rd files
Result: NOTE checkRd: (-1) GLSME.Rd:68: Lost braces in \itemize; meant \describe ? checkRd: (-1) GLSME.Rd:69: Lost braces in \itemize; meant \describe ? checkRd: (-1) GLSME.Rd:70: Lost braces in \itemize; meant \describe ? checkRd: (-1) GLSME.Rd:104: Lost braces in \itemize; meant \describe ? checkRd: (-1) GLSME.Rd:105-108: Lost braces in \itemize; meant \describe ? checkRd: (-1) GLSME.Rd:109-111: Lost braces in \itemize; meant \describe ? checkRd: (-1) GLSME.Rd:119: Lost braces in \itemize; meant \describe ? checkRd: (-1) GLSME.Rd:120-122: Lost braces in \itemize; meant \describe ? checkRd: (-1) GLSME.Rd:123-125: Lost braces in \itemize; meant \describe ? checkRd: (-1) GLSME.Rd:126-128: Lost braces in \itemize; meant \describe ? checkRd: (-1) GLSME.Rd:129-136: Lost braces in \itemize; meant \describe ? checkRd: (-1) GLSME.Rd:137: Lost braces in \itemize; meant \describe ? checkRd: (-1) GLSME.Rd:143: Lost braces in \itemize; \value handles \item{}{} directly checkRd: (-1) GLSME.Rd:144: Lost braces in \itemize; \value handles \item{}{} directly checkRd: (-1) GLSME.Rd:145: Lost braces in \itemize; \value handles \item{}{} directly checkRd: (-1) GLSME.Rd:146: Lost braces in \itemize; \value handles \item{}{} directly checkRd: (-1) GLSME.Rd:147: Lost braces in \itemize; \value handles \item{}{} directly checkRd: (-1) GLSME.Rd:148: Lost braces in \itemize; \value handles \item{}{} directly checkRd: (-1) GLSME.Rd:149: Lost braces in \itemize; \value handles \item{}{} directly checkRd: (-1) GLSME.Rd:150: Lost braces in \itemize; \value handles \item{}{} directly checkRd: (-1) GLSME.Rd:152: Lost braces in \itemize; \value handles \item{}{} directly checkRd: (-1) GLSME.Rd:153: Lost braces in \itemize; \value handles \item{}{} directly checkRd: (-1) GLSME.Rd:154: Lost braces in \itemize; \value handles \item{}{} directly checkRd: (-1) GLSME.Rd:155: Lost braces in \itemize; \value handles \item{}{} directly checkRd: (-1) GLSME.Rd:156: Lost braces in \itemize; \value handles \item{}{} directly checkRd: (-1) GLSME.Rd:157: Lost braces in \itemize; \value handles \item{}{} directly checkRd: (-1) GLSME.Rd:158: Lost braces in \itemize; \value handles \item{}{} directly checkRd: (-1) GLSME.Rd:159: Lost braces in \itemize; \value handles \item{}{} directly checkRd: (-1) GLSME.predict.Rd:25: Lost braces in \itemize; \value handles \item{}{} directly checkRd: (-1) GLSME.predict.Rd:26-29: Lost braces in \itemize; \value handles \item{}{} directly checkRd: (-1) GLSME.predict.Rd:30-35: Lost braces in \itemize; \value handles \item{}{} directly checkRd: (-1) GLSME.predict.Rd:40: Lost braces in \itemize; \value handles \item{}{} directly checkRd: (-1) GLSME.predict.Rd:41-44: Lost braces in \itemize; \value handles \item{}{} directly checkRd: (-1) GLSME.predict.Rd:45-49: Lost braces in \itemize; \value handles \item{}{} directly Flavors: r-devel-linux-x86_64-debian-clang, r-devel-linux-x86_64-debian-gcc, r-devel-linux-x86_64-fedora-clang, r-devel-linux-x86_64-fedora-gcc