Last updated on 2023-11-28 09:51:57 CET.
Flavor | Version | Tinstall | Tcheck | Ttotal | Status | Flags |
---|---|---|---|---|---|---|
r-devel-linux-x86_64-debian-clang | 1.8 | 44.86 | 175.08 | 219.94 | OK | |
r-devel-linux-x86_64-debian-gcc | 1.8 | 32.11 | 123.44 | 155.55 | OK | |
r-devel-linux-x86_64-fedora-clang | 1.8 | 283.00 | NOTE | |||
r-devel-linux-x86_64-fedora-gcc | 1.8 | 308.23 | OK | |||
r-devel-windows-x86_64 | 1.8 | 38.00 | 158.00 | 196.00 | OK | |
r-patched-linux-x86_64 | 1.8 | 38.32 | 163.41 | 201.73 | OK | |
r-release-linux-x86_64 | 1.8 | 34.90 | 164.12 | 199.02 | OK | |
r-release-macos-arm64 | 1.8 | 107.00 | OK | |||
r-release-macos-x86_64 | 1.8 | 181.00 | OK | |||
r-release-windows-x86_64 | 1.8 | 50.00 | 192.00 | 242.00 | OK | |
r-oldrel-macos-arm64 | 1.8 | 87.00 | OK | |||
r-oldrel-macos-x86_64 | 1.8 | 117.00 | OK | |||
r-oldrel-windows-x86_64 | 1.8 | 47.00 | 194.00 | 241.00 | OK |
Version: 1.8
Check: Rd cross-references
Result: NOTE
Undeclared package ‘permute’ in Rd xrefs
Flavor: r-devel-linux-x86_64-fedora-clang