CRAN Package Check Results for Package GoodmanKruskal

Last updated on 2024-04-20 23:23:09 CEST.

Flavor Version Tinstall Tcheck Ttotal Status Flags
r-devel-linux-x86_64-debian-clang 0.0.3 2.20 36.99 39.19 NOTE
r-devel-linux-x86_64-debian-gcc 0.0.3 1.77 29.07 30.84 NOTE
r-devel-linux-x86_64-fedora-clang 0.0.3 50.87 NOTE
r-devel-linux-x86_64-fedora-gcc 0.0.3 53.32 NOTE
r-prerel-macos-arm64 0.0.3 24.00 NOTE
r-prerel-windows-x86_64 0.0.3 2.00 47.00 49.00 NOTE
r-patched-linux-x86_64 0.0.3 2.32 34.90 37.22 NOTE
r-release-linux-x86_64 0.0.3 1.74 34.40 36.14 NOTE
r-release-macos-arm64 0.0.3 26.00 NOTE
r-release-macos-x86_64 0.0.3 35.00 NOTE
r-release-windows-x86_64 0.0.3 3.00 50.00 53.00 NOTE
r-oldrel-macos-arm64 0.0.3 23.00 NOTE
r-oldrel-windows-x86_64 0.0.3 3.00 53.00 56.00 NOTE

Check Details

Version: 0.0.3
Check: LazyData
Result: NOTE 'LazyData' is specified without a 'data' directory Flavors: r-devel-linux-x86_64-debian-clang, r-devel-linux-x86_64-debian-gcc, r-devel-linux-x86_64-fedora-clang, r-devel-linux-x86_64-fedora-gcc, r-prerel-macos-arm64, r-prerel-windows-x86_64, r-patched-linux-x86_64, r-release-linux-x86_64, r-release-macos-arm64, r-release-macos-x86_64, r-release-windows-x86_64, r-oldrel-macos-arm64, r-oldrel-windows-x86_64