CRAN Package Check Results for Package HeritSeq

Last updated on 2024-04-22 23:54:25 CEST.

Flavor Version Tinstall Tcheck Ttotal Status Flags
r-devel-linux-x86_64-debian-clang 1.0.2 0.68 2.07 2.75 ERROR
r-devel-linux-x86_64-debian-gcc 1.0.2 30.13 242.52 272.65 OK
r-devel-linux-x86_64-fedora-clang 1.0.2 495.49 OK
r-devel-linux-x86_64-fedora-gcc 1.0.2 462.81 OK
r-prerel-macos-arm64 1.0.2 121.00 OK
r-prerel-macos-x86_64 1.0.2 226.00 OK
r-prerel-windows-x86_64 1.0.2 33.00 231.00 264.00 OK
r-patched-linux-x86_64 1.0.2 25.12 317.43 342.55 OK
r-release-linux-x86_64 1.0.2 37.59 329.11 366.70 OK
r-release-macos-arm64 1.0.2 123.00 OK
r-release-macos-x86_64 1.0.2 173.00 OK
r-release-windows-x86_64 1.0.2 45.00 301.00 346.00 OK
r-oldrel-macos-arm64 1.0.2 124.00 OK
r-oldrel-windows-x86_64 1.0.2 48.00 305.00 353.00 OK

Check Details

Version: 1.0.2
Check: package dependencies
Result: ERROR Packages required but not available: 'DESeq2', 'SummarizedExperiment' See section ‘The DESCRIPTION file’ in the ‘Writing R Extensions’ manual. Flavor: r-devel-linux-x86_64-debian-clang