Last updated on 2023-11-28 09:51:57 CET.
Flavor | Version | Tinstall | Tcheck | Ttotal | Status | Flags |
---|---|---|---|---|---|---|
r-devel-linux-x86_64-debian-clang | 5.1-1 | 60.74 | 383.43 | 444.17 | NOTE | |
r-devel-linux-x86_64-debian-gcc | 5.1-1 | 45.98 | 277.89 | 323.87 | NOTE | |
r-devel-linux-x86_64-fedora-clang | 5.1-1 | 543.01 | NOTE | |||
r-devel-linux-x86_64-fedora-gcc | 5.1-1 | 549.50 | NOTE | |||
r-devel-windows-x86_64 | 5.1-1 | 52.00 | 325.00 | 377.00 | NOTE | |
r-patched-linux-x86_64 | 5.1-1 | 61.68 | 358.19 | 419.87 | NOTE | |
r-release-linux-x86_64 | 5.1-1 | 35.95 | 355.84 | 391.79 | NOTE | |
r-release-macos-arm64 | 5.1-1 | 152.00 | NOTE | |||
r-release-macos-x86_64 | 5.1-1 | 251.00 | NOTE | |||
r-release-windows-x86_64 | 5.1-1 | 75.00 | 428.00 | 503.00 | NOTE | |
r-oldrel-macos-arm64 | 5.1-1 | 123.00 | NOTE | |||
r-oldrel-macos-x86_64 | 5.1-1 | 158.00 | NOTE | |||
r-oldrel-windows-x86_64 | 5.1-1 | 71.00 | 394.00 | 465.00 | NOTE |
Version: 5.1-1
Check: R code for possible problems
Result: NOTE
html_describe_con: multiple local function definitions for āgā with
different formal arguments
Flavors: r-devel-linux-x86_64-debian-clang, r-devel-linux-x86_64-debian-gcc, r-devel-linux-x86_64-fedora-clang, r-devel-linux-x86_64-fedora-gcc, r-devel-windows-x86_64, r-patched-linux-x86_64, r-release-linux-x86_64, r-release-macos-arm64, r-release-macos-x86_64, r-release-windows-x86_64, r-oldrel-macos-arm64, r-oldrel-macos-x86_64, r-oldrel-windows-x86_64
Version: 5.1-1
Check: Rd files
Result: NOTE
checkRd: (-1) summaryP.Rd:29: Lost braces
29 | \code{Hmisc::dotchartpl} with code{plotly} if \code{marginVal} is
| ^
Flavors: r-devel-linux-x86_64-debian-clang, r-devel-linux-x86_64-debian-gcc