CRAN Package Check Results for Package Hmisc

Last updated on 2024-06-13 23:56:54 CEST.

Flavor Version Tinstall Tcheck Ttotal Status Flags
r-devel-linux-x86_64-debian-clang 5.1-3 63.28 382.98 446.26 NOTE
r-devel-linux-x86_64-debian-gcc 5.1-3 0.82 1.76 2.58 ERROR
r-devel-linux-x86_64-fedora-clang 5.1-3 543.39 NOTE
r-devel-linux-x86_64-fedora-gcc 5.1-3 505.40 NOTE
r-devel-windows-x86_64 5.1-3 54.00 325.00 379.00 NOTE
r-patched-linux-x86_64 5.1-3 64.71 359.46 424.17 NOTE
r-release-linux-x86_64 5.1-3 38.82 369.69 408.51 NOTE
r-release-macos-arm64 5.1-3 127.00 NOTE
r-release-macos-x86_64 5.1-3 285.00 NOTE
r-release-windows-x86_64 5.1-3 57.00 323.00 380.00 NOTE
r-oldrel-macos-arm64 5.1-3 124.00 NOTE
r-oldrel-macos-x86_64 5.1-3 263.00 NOTE
r-oldrel-windows-x86_64 5.1-3 74.00 419.00 493.00 NOTE

Check Details

Version: 5.1-3
Check: R code for possible problems
Result: NOTE html_describe_con: multiple local function definitions for ‘g’ with different formal arguments Flavors: r-devel-linux-x86_64-debian-clang, r-devel-linux-x86_64-fedora-clang, r-devel-linux-x86_64-fedora-gcc, r-devel-windows-x86_64, r-patched-linux-x86_64, r-release-linux-x86_64, r-release-macos-arm64, r-release-macos-x86_64, r-release-windows-x86_64, r-oldrel-macos-arm64, r-oldrel-macos-x86_64, r-oldrel-windows-x86_64

Version: 5.1-3
Check: package dependencies
Result: ERROR Packages required but not available: 'ggplot2', 'htmlTable', 'viridis' Packages suggested but not available for checking: 'qreport', 'rms', 'mice', 'plotly', 'kableExtra', 'rio', 'gt' See section ‘The DESCRIPTION file’ in the ‘Writing R Extensions’ manual. Flavor: r-devel-linux-x86_64-debian-gcc