Last updated on 2023-11-28 09:51:58 CET.
Flavor | Version | Tinstall | Tcheck | Ttotal | Status | Flags |
---|---|---|---|---|---|---|
r-devel-linux-x86_64-debian-clang | 0.3-5 | 47.20 | 222.02 | 269.22 | OK | |
r-devel-linux-x86_64-debian-gcc | 0.3-5 | 36.71 | 161.33 | 198.04 | OK | |
r-devel-linux-x86_64-fedora-clang | 0.3-5 | 346.96 | OK | |||
r-devel-linux-x86_64-fedora-gcc | 0.3-5 | 341.22 | OK | |||
r-devel-windows-x86_64 | 0.3-5 | 41.00 | 192.00 | 233.00 | OK | |
r-patched-linux-x86_64 | 0.3-5 | 48.28 | 208.16 | 256.44 | OK | |
r-release-linux-x86_64 | 0.3-5 | 35.99 | 209.61 | 245.60 | OK | |
r-release-macos-arm64 | 0.3-5 | 100.00 | NOTE | |||
r-release-macos-x86_64 | 0.3-5 | 171.00 | NOTE | |||
r-release-windows-x86_64 | 0.3-5 | 55.00 | 244.00 | 299.00 | OK | |
r-oldrel-macos-arm64 | 0.3-5 | 99.00 | NOTE | |||
r-oldrel-macos-x86_64 | 0.3-5 | 114.00 | NOTE | |||
r-oldrel-windows-x86_64 | 0.3-5 | 55.00 | 239.00 | 294.00 | OK |
Version: 0.3-5
Check: installed package size
Result: NOTE
installed size is 5.6Mb
sub-directories of 1Mb or more:
doc 2.5Mb
libs 2.8Mb
Flavors: r-release-macos-arm64, r-release-macos-x86_64, r-oldrel-macos-arm64, r-oldrel-macos-x86_64