CRAN Package Check Results for Package ICtest

Last updated on 2024-07-21 22:48:47 CEST.

Flavor Version Tinstall Tcheck Ttotal Status Flags
r-devel-linux-x86_64-debian-clang 0.3-5 37.54 239.86 277.40 OK
r-devel-linux-x86_64-debian-gcc 0.3-5 31.12 171.80 202.92 NOTE
r-devel-linux-x86_64-fedora-clang 0.3-5 387.09 OK
r-devel-linux-x86_64-fedora-gcc 0.3-5 365.21 OK
r-devel-windows-x86_64 0.3-5 39.00 191.00 230.00 NOTE
r-patched-linux-x86_64 0.3-5 50.99 223.75 274.74 OK
r-release-linux-x86_64 0.3-5 31.32 225.96 257.28 OK
r-release-macos-arm64 0.3-5 89.00 NOTE
r-release-macos-x86_64 0.3-5 135.00 NOTE
r-release-windows-x86_64 0.3-5 45.00 186.00 231.00 OK
r-oldrel-macos-arm64 0.3-5 100.00 NOTE
r-oldrel-macos-x86_64 0.3-5 171.00 NOTE
r-oldrel-windows-x86_64 0.3-5 56.00 243.00 299.00 OK

Check Details

Version: 0.3-5
Check: Rd cross-references
Result: NOTE Found the following Rd file(s) with Rd \link{} targets missing package anchors: covSIR.Rd: ics ggplot.ictest.Rd: ggpairs ggplot.ladle.Rd: ggpairs Please provide package anchors for all Rd \link{} targets not in the package itself and the base packages. Flavors: r-devel-linux-x86_64-debian-gcc, r-devel-windows-x86_64

Version: 0.3-5
Check: installed package size
Result: NOTE installed size is 5.4Mb sub-directories of 1Mb or more: doc 2.5Mb libs 2.6Mb Flavors: r-release-macos-arm64, r-release-macos-x86_64, r-oldrel-macos-arm64, r-oldrel-macos-x86_64