CRAN Package Check Results for Package IDSA

Last updated on 2024-07-22 22:56:26 CEST.

Flavor Version Tinstall Tcheck Ttotal Status Flags
r-devel-linux-x86_64-debian-clang 2.1 7.73 77.03 84.76 OK
r-devel-linux-x86_64-debian-gcc 2.1 5.14 58.51 63.65 OK
r-devel-linux-x86_64-fedora-clang 2.1 109.19 NOTE
r-devel-linux-x86_64-fedora-gcc 2.1 112.71 NOTE
r-devel-windows-x86_64 2.1 10.00 91.00 101.00 OK
r-patched-linux-x86_64 2.1 6.17 74.62 80.79 OK
r-release-linux-x86_64 2.1 6.35 74.52 80.87 OK
r-release-macos-arm64 2.1 39.00 OK
r-release-macos-x86_64 2.1 61.00 OK
r-release-windows-x86_64 2.1 8.00 90.00 98.00 OK
r-oldrel-macos-arm64 2.1 40.00 OK
r-oldrel-macos-x86_64 2.1 56.00 OK
r-oldrel-windows-x86_64 2.1 10.00 98.00 108.00 OK

Check Details

Version: 2.1
Check: dependencies in R code
Result: NOTE Namespace in Imports field not imported from: ‘kableExtra’ All declared Imports should be used. Flavors: r-devel-linux-x86_64-fedora-clang, r-devel-linux-x86_64-fedora-gcc