CRAN Package Check Results for Package JMH

Last updated on 2024-04-25 01:55:17 CEST.

Flavor Version Tinstall Tcheck Ttotal Status Flags
r-devel-linux-x86_64-debian-clang 1.0.3 596.44 170.21 766.65 OK
r-devel-linux-x86_64-debian-gcc 1.0.3 496.09 151.32 647.41 OK
r-devel-linux-x86_64-fedora-clang 1.0.3 993.02 OK
r-devel-linux-x86_64-fedora-gcc 1.0.3 1168.58 OK
r-devel-windows-x86_64 1.0.3 406.00 165.00 571.00 OK
r-patched-linux-x86_64 1.0.3 468.74 197.87 666.61 OK
r-release-linux-x86_64 1.0.3 610.52 201.19 811.71 OK
r-release-macos-arm64 1.0.3 221.00 NOTE
r-release-macos-x86_64 1.0.3 240.00 NOTE
r-release-windows-x86_64 1.0.3 402.00 168.00 570.00 OK
r-oldrel-macos-arm64 1.0.3 205.00 NOTE
r-oldrel-macos-x86_64 1.0.3 217.00 NOTE
r-oldrel-windows-x86_64 1.0.3 506.00 208.00 714.00 OK

Check Details

Version: 1.0.3
Check: installed package size
Result: NOTE installed size is 40.0Mb sub-directories of 1Mb or more: libs 39.5Mb Flavors: r-release-macos-arm64, r-release-macos-x86_64, r-oldrel-macos-arm64, r-oldrel-macos-x86_64