CRAN Package Check Results for Package JMbayes

Last updated on 2024-02-21 21:49:42 CET.

Flavor Version Tinstall Tcheck Ttotal Status Flags
r-devel-linux-x86_64-debian-clang 0.8-85 NOTE
r-devel-linux-x86_64-debian-gcc 0.8-85 139.43 190.10 329.53 NOTE
r-devel-linux-x86_64-fedora-clang 0.8-85 558.95 NOTE
r-devel-linux-x86_64-fedora-gcc 0.8-85 563.43 NOTE
r-devel-windows-x86_64 0.8-85 121.00 191.00 312.00 NOTE
r-patched-linux-x86_64 0.8-85 121.43 256.79 378.22 NOTE
r-release-linux-x86_64 0.8-85 129.89 253.40 383.29 NOTE
r-release-macos-arm64 0.8-85 122.00 NOTE
r-release-macos-x86_64 0.8-85 207.00 NOTE
r-release-windows-x86_64 0.8-85 155.00 246.00 401.00 NOTE
r-oldrel-macos-arm64 0.8-85 137.00 NOTE
r-oldrel-windows-x86_64 0.8-85 150.00 233.00 383.00 OK

Check Details

Version: 0.8-85
Check: C++ specification
Result: NOTE Specified C++11: please drop specification unless essential Flavors: r-devel-linux-x86_64-debian-clang, r-devel-linux-x86_64-debian-gcc, r-devel-linux-x86_64-fedora-clang, r-devel-linux-x86_64-fedora-gcc, r-devel-windows-x86_64, r-patched-linux-x86_64, r-release-linux-x86_64, r-release-macos-arm64, r-release-macos-x86_64, r-release-windows-x86_64

Version: 0.8-85
Check: installed package size
Result: NOTE installed size is 8.9Mb sub-directories of 1Mb or more: libs 7.8Mb Flavors: r-release-macos-arm64, r-release-macos-x86_64, r-oldrel-macos-arm64