CRAN Package Check Results for Package L2E

Last updated on 2024-02-24 21:40:23 CET.

Flavor Version Tinstall Tcheck Ttotal Status Flags
r-devel-linux-x86_64-debian-clang 2.0 8.88 152.56 161.44 OK
r-devel-linux-x86_64-debian-gcc 2.0 9.30 115.72 125.02 OK
r-devel-linux-x86_64-fedora-clang 2.0 200.73 NOTE
r-devel-linux-x86_64-fedora-gcc 2.0 210.41 NOTE
r-devel-windows-x86_64 2.0 10.00 188.00 198.00 OK
r-patched-linux-x86_64 2.0 11.97 149.06 161.03 OK
r-release-linux-x86_64 2.0 11.23 152.82 164.05 OK
r-release-macos-arm64 2.0 61.00 OK
r-release-macos-x86_64 2.0 109.00 OK
r-release-windows-x86_64 2.0 13.00 195.00 208.00 OK
r-oldrel-macos-arm64 2.0 62.00 NOTE
r-oldrel-windows-x86_64 2.0 14.00 191.00 205.00 OK

Check Details

Version: 2.0
Check: dependencies in R code
Result: NOTE Namespace in Imports field not imported from: ‘robustbase’ All declared Imports should be used. Flavors: r-devel-linux-x86_64-fedora-clang, r-devel-linux-x86_64-fedora-gcc, r-oldrel-macos-arm64