CRAN Package Check Results for Package LCMSQA

Last updated on 2024-02-21 21:49:43 CET.

Flavor Version Tinstall Tcheck Ttotal Status Flags
r-devel-linux-x86_64-debian-clang 1.0.2 OK
r-devel-linux-x86_64-debian-gcc 1.0.2 6.79 222.75 229.54 OK
r-devel-linux-x86_64-fedora-clang 1.0.2 115.23 NOTE
r-devel-linux-x86_64-fedora-gcc 1.0.2 122.04 NOTE
r-devel-windows-x86_64 1.0.2 38.00 220.00 258.00 OK
r-patched-linux-x86_64 1.0.2 7.82 293.14 300.96 OK
r-release-linux-x86_64 1.0.2 6.34 288.83 295.17 OK
r-release-macos-arm64 1.0.2 48.00 NOTE
r-release-macos-x86_64 1.0.2 82.00 NOTE
r-release-windows-x86_64 1.0.2 51.00 289.00 340.00 OK
r-oldrel-macos-arm64 1.0.2 123.00 OK
r-oldrel-windows-x86_64 1.0.2 40.00 293.00 333.00 OK

Check Details

Version: 1.0.2
Check: package dependencies
Result: NOTE Packages suggested but not available for checking: 'xcms', 'MSnbase' Flavors: r-devel-linux-x86_64-fedora-clang, r-devel-linux-x86_64-fedora-gcc, r-release-macos-arm64, r-release-macos-x86_64