CRAN Package Check Results for Package LPBkg

Last updated on 2024-02-25 23:02:11 CET.

Flavor Version Tinstall Tcheck Ttotal Status Flags
r-devel-linux-x86_64-debian-clang 1.2 7.00 61.00 68.00 NOTE
r-devel-linux-x86_64-debian-gcc 1.2 5.03 45.61 50.64 NOTE
r-devel-linux-x86_64-fedora-clang 1.2 82.06 NOTE
r-devel-linux-x86_64-fedora-gcc 1.2 76.69 NOTE
r-devel-windows-x86_64 1.2 7.00 69.00 76.00 NOTE
r-patched-linux-x86_64 1.2 4.61 58.04 62.65 NOTE
r-release-linux-x86_64 1.2 4.24 57.33 61.57 NOTE
r-release-macos-arm64 1.2 30.00 NOTE
r-release-macos-x86_64 1.2 41.00 NOTE
r-release-windows-x86_64 1.2 9.00 77.00 86.00 NOTE
r-oldrel-macos-arm64 1.2 40.00 NOTE
r-oldrel-windows-x86_64 1.2 9.00 81.00 90.00 NOTE

Check Details

Version: 1.2
Check: LazyData
Result: NOTE 'LazyData' is specified without a 'data' directory Flavors: r-devel-linux-x86_64-debian-clang, r-devel-linux-x86_64-debian-gcc, r-devel-linux-x86_64-fedora-clang, r-devel-linux-x86_64-fedora-gcc, r-devel-windows-x86_64, r-patched-linux-x86_64, r-release-linux-x86_64, r-release-macos-arm64, r-release-macos-x86_64, r-release-windows-x86_64, r-oldrel-macos-arm64, r-oldrel-windows-x86_64