CRAN Package Check Results for Package LSDinterface

Last updated on 2024-02-25 23:02:12 CET.

Flavor Version Tinstall Tcheck Ttotal Status Flags
r-devel-linux-x86_64-debian-clang 1.2.1 3.61 38.73 42.34 OK
r-devel-linux-x86_64-debian-gcc 1.2.1 3.21 29.18 32.39 OK
r-devel-linux-x86_64-fedora-clang 1.2.1 50.63 OK
r-devel-linux-x86_64-fedora-gcc 1.2.1 50.43 OK
r-devel-windows-x86_64 1.2.1 5.00 55.00 60.00 OK
r-patched-linux-x86_64 1.2.1 10.68 37.20 47.88 OK
r-release-linux-x86_64 1.2.1 2.54 37.05 39.59 OK
r-release-macos-arm64 1.2.1 21.00 OK
r-release-macos-x86_64 1.2.1 33.00 NOTE
r-release-windows-x86_64 1.2.1 7.00 59.00 66.00 OK
r-oldrel-macos-arm64 1.2.1 24.00 OK
r-oldrel-windows-x86_64 1.2.1 6.00 63.00 69.00 OK

Check Details

Version: 1.2.1
Check: package dependencies
Result: NOTE Package suggested but not available for checking: ‘LSDsensitivity’ Flavor: r-release-macos-x86_64

Version: 1.2.1
Check: Rd cross-references
Result: NOTE Package unavailable to check Rd xrefs: ‘LSDsensitivity’ Flavor: r-release-macos-x86_64