CRAN Package Check Results for Package LSTS

Last updated on 2024-07-22 22:56:28 CEST.

Flavor Version Tinstall Tcheck Ttotal Status Flags
r-devel-linux-x86_64-debian-clang 2.1 6.22 79.18 85.40 NOTE
r-devel-linux-x86_64-debian-gcc 2.1 5.19 57.65 62.84 NOTE
r-devel-linux-x86_64-fedora-clang 2.1 107.39 NOTE
r-devel-linux-x86_64-fedora-gcc 2.1 99.30 NOTE
r-devel-windows-x86_64 2.1 7.00 74.00 81.00 NOTE
r-patched-linux-x86_64 2.1 7.34 76.60 83.94 NOTE
r-release-linux-x86_64 2.1 3.93 75.08 79.01 NOTE
r-release-macos-arm64 2.1 32.00 NOTE
r-release-macos-x86_64 2.1 61.00 NOTE
r-release-windows-x86_64 2.1 7.00 75.00 82.00 NOTE
r-oldrel-macos-arm64 2.1 34.00 NOTE
r-oldrel-macos-x86_64 2.1 52.00 NOTE
r-oldrel-windows-x86_64 2.1 9.00 85.00 94.00 NOTE

Check Details

Version: 2.1
Check: Rd files
Result: NOTE checkRd: (-1) LS.kalman.Rd:65: Escaped LaTeX specials: \& checkRd: (-1) spectral.density.Rd:55: Escaped LaTeX specials: \& Flavors: r-devel-linux-x86_64-debian-clang, r-devel-linux-x86_64-debian-gcc, r-devel-linux-x86_64-fedora-clang, r-devel-linux-x86_64-fedora-gcc, r-devel-windows-x86_64, r-patched-linux-x86_64, r-release-linux-x86_64, r-release-macos-arm64, r-release-macos-x86_64, r-release-windows-x86_64, r-oldrel-macos-arm64, r-oldrel-macos-x86_64, r-oldrel-windows-x86_64

Version: 2.1
Check: dependencies in R code
Result: NOTE Namespace in Imports field not imported from: ‘Rdpack’ All declared Imports should be used. Flavors: r-devel-linux-x86_64-fedora-clang, r-devel-linux-x86_64-fedora-gcc