CRAN Package Check Results for Package Libra

Last updated on 2024-05-17 22:56:47 CEST.

Flavor Version Tinstall Tcheck Ttotal Status Flags
r-devel-linux-x86_64-debian-clang 1.7 7.37 36.38 43.75 NOTE
r-devel-linux-x86_64-debian-gcc 1.7 4.91 28.47 33.38 NOTE
r-devel-linux-x86_64-fedora-clang 1.7 54.17 NOTE
r-devel-linux-x86_64-fedora-gcc 1.7 61.42 NOTE
r-devel-windows-x86_64 1.7 10.00 60.00 70.00 NOTE
r-patched-linux-x86_64 1.7 6.15 34.79 40.94 NOTE
r-release-linux-x86_64 1.7 6.17 34.41 40.58 NOTE
r-release-macos-arm64 1.7 24.00 NOTE
r-release-windows-x86_64 1.7 11.00 59.00 70.00 NOTE
r-oldrel-macos-arm64 1.7 26.00 NOTE
r-oldrel-macos-x86_64 1.7 33.00 NOTE
r-oldrel-windows-x86_64 1.7 10.00 63.00 73.00 NOTE

Check Details

Version: 1.7
Check: Rd files
Result: NOTE checkRd: (-1) isingdata.Rd:14: Lost braces; missing escapes or markup? 14 | \item{X}{a 5000-by-100 matrix, each entry is in {-1,1}.} | ^ checkRd: (-1) predict.lb.Rd:16: Escaped LaTeX specials: \$ Flavors: r-devel-linux-x86_64-debian-clang, r-devel-linux-x86_64-debian-gcc, r-devel-linux-x86_64-fedora-clang, r-devel-linux-x86_64-fedora-gcc, r-devel-windows-x86_64, r-patched-linux-x86_64, r-release-linux-x86_64, r-release-macos-arm64, r-release-windows-x86_64

Version: 1.7
Check: Rd files
Result: NOTE checkRd: (-1) predict.lb.Rd:16: Escaped LaTeX specials: \$ Flavors: r-oldrel-macos-arm64, r-oldrel-macos-x86_64, r-oldrel-windows-x86_64