CRAN Package Check Results for Package MACP

Last updated on 2024-02-23 21:56:51 CET.

Flavor Version Tinstall Tcheck Ttotal Status Flags
r-devel-linux-x86_64-debian-clang 0.1.0 OK
r-devel-linux-x86_64-debian-gcc 0.1.0 31.28 363.27 394.55 OK
r-devel-linux-x86_64-fedora-clang 0.1.0 424.33 NOTE
r-devel-linux-x86_64-fedora-gcc 0.1.0 355.12 NOTE
r-devel-windows-x86_64 0.1.0 32.00 340.00 372.00 OK
r-patched-linux-x86_64 0.1.0 24.77 474.93 499.70 OK
r-release-linux-x86_64 0.1.0 27.02 472.86 499.88 OK
r-release-macos-arm64 0.1.0 304.00 NOTE
r-release-macos-x86_64 0.1.0 423.00 NOTE
r-release-windows-x86_64 0.1.0 44.00 424.00 468.00 OK
r-oldrel-macos-arm64 0.1.0 185.00 NOTE
r-oldrel-windows-x86_64 0.1.0 41.00 425.00 466.00 OK

Check Details

Version: 0.1.0
Check: package dependencies
Result: NOTE Package suggested but not available for checking: ‘orthogene’ Flavors: r-devel-linux-x86_64-fedora-clang, r-devel-linux-x86_64-fedora-gcc, r-release-macos-arm64, r-release-macos-x86_64, r-oldrel-macos-arm64

Version: 0.1.0
Check: dependencies in R code
Result: NOTE Namespace in Imports field not imported from: ‘fmsb’ All declared Imports should be used. Flavors: r-devel-linux-x86_64-fedora-clang, r-devel-linux-x86_64-fedora-gcc

Version: 0.1.0
Check: Rd cross-references
Result: NOTE Package unavailable to check Rd xrefs: ‘orthogene’ Flavors: r-devel-linux-x86_64-fedora-clang, r-devel-linux-x86_64-fedora-gcc, r-release-macos-arm64, r-release-macos-x86_64, r-oldrel-macos-arm64