CRAN Package Check Results for Package MARSS

Last updated on 2024-02-25 23:02:12 CET.

Flavor Version Tinstall Tcheck Ttotal Status Flags
r-devel-linux-x86_64-debian-clang 3.11.9 23.72 316.92 340.64 NOTE
r-devel-linux-x86_64-debian-gcc 3.11.9 19.25 227.72 246.97 NOTE
r-devel-linux-x86_64-fedora-clang 3.11.9 403.12 NOTE
r-devel-linux-x86_64-fedora-gcc 3.11.9 411.77 NOTE
r-devel-windows-x86_64 3.11.8 20.00 285.00 305.00 NOTE
r-patched-linux-x86_64 3.11.9 31.47 308.47 339.94 NOTE
r-release-linux-x86_64 3.11.9 23.16 302.43 325.59 NOTE
r-release-macos-arm64 3.11.9 120.00 NOTE
r-release-macos-x86_64 3.11.9 311.00 NOTE
r-release-windows-x86_64 3.11.9 27.00 348.00 375.00 NOTE
r-oldrel-macos-arm64 3.11.9 121.00 NOTE
r-oldrel-windows-x86_64 3.11.9 26.00 349.00 375.00 NOTE

Check Details

Version: 3.11.9
Check: package dependencies
Result: NOTE Package suggested but not available for checking: ‘marssTMB’ Flavors: r-devel-linux-x86_64-debian-clang, r-devel-linux-x86_64-debian-gcc, r-devel-linux-x86_64-fedora-clang, r-devel-linux-x86_64-fedora-gcc, r-patched-linux-x86_64, r-release-linux-x86_64, r-release-macos-arm64, r-release-macos-x86_64, r-release-windows-x86_64, r-oldrel-macos-arm64, r-oldrel-windows-x86_64

Version: 3.11.8
Check: package dependencies
Result: NOTE Package suggested but not available for checking: 'marssTMB' Flavor: r-devel-windows-x86_64

Version: 3.11.8
Check: Rd \usage sections
Result: NOTE Objects in \usage without \alias in Rd file 'utility_functions.Rd': 'fully.spec.x' 'marssMODEL.to.list' Functions with \usage entries need to have the appropriate \alias entries, and all their arguments documented. The \usage entries must correspond to syntactically valid R code. See chapter 'Writing R documentation files' in the 'Writing R Extensions' manual. Flavor: r-devel-windows-x86_64