CRAN Package Check Results for Package MCAvariants

Last updated on 2024-02-25 23:02:12 CET.

Flavor Version Tinstall Tcheck Ttotal Status Flags
r-devel-linux-x86_64-debian-clang 2.6.1 9.39 70.46 79.85 NOTE
r-devel-linux-x86_64-debian-gcc 2.6.1 5.96 52.97 58.93 NOTE
r-devel-linux-x86_64-fedora-clang 2.6.1 100.54 NOTE
r-devel-linux-x86_64-fedora-gcc 2.6.1 96.78 NOTE
r-devel-windows-x86_64 2.6.1 8.00 71.00 79.00 OK
r-patched-linux-x86_64 2.6.1 8.08 67.14 75.22 OK
r-release-linux-x86_64 2.6.1 5.09 67.43 72.52 OK
r-release-macos-arm64 2.6.1 28.00 OK
r-release-macos-x86_64 2.6.1 52.00 OK
r-release-windows-x86_64 2.6.1 11.00 82.00 93.00 OK
r-oldrel-macos-arm64 2.6.1 32.00 OK
r-oldrel-windows-x86_64 2.6.1 11.00 96.00 107.00 OK

Check Details

Version: 2.6.1
Check: Rd files
Result: NOTE checkRd: (-1) satisfaction.Rd:28: Lost braces 28 | Della Valle E (2010) Della Valle E 2010 Analisi Multidimensionale dei Dati: la Qualit\'{a} del Lavoro nelle Cooperative Sociali. | ^ checkRd: (-1) satisfaction.Rd:29: Lost braces 29 | Unpublished thesis, Seconda Universit\'{a} degli Studi di Napoli, Capua Italy. | ^ Flavors: r-devel-linux-x86_64-debian-clang, r-devel-linux-x86_64-debian-gcc, r-devel-linux-x86_64-fedora-clang, r-devel-linux-x86_64-fedora-gcc