CRAN Package Check Results for Package MDBED

Last updated on 2024-04-25 01:55:20 CEST.

Flavor Version Tinstall Tcheck Ttotal Status Flags
r-devel-linux-x86_64-debian-clang 1.0.0 5.30 60.04 65.34 NOTE
r-devel-linux-x86_64-debian-gcc 1.0.0 4.53 43.71 48.24 NOTE
r-devel-linux-x86_64-fedora-clang 1.0.0 78.92 NOTE
r-devel-linux-x86_64-fedora-gcc 1.0.0 74.85 NOTE
r-devel-windows-x86_64 1.0.0 8.00 71.00 79.00 NOTE
r-patched-linux-x86_64 1.0.0 4.54 56.12 60.66 NOTE
r-release-linux-x86_64 1.0.0 5.82 55.58 61.40 NOTE
r-release-macos-arm64 1.0.0 27.00 NOTE
r-release-windows-x86_64 1.0.0 6.00 70.00 76.00 NOTE
r-oldrel-macos-arm64 1.0.0 30.00 NOTE
r-oldrel-macos-x86_64 1.0.0 43.00 NOTE
r-oldrel-windows-x86_64 1.0.0 8.00 82.00 90.00 NOTE

Check Details

Version: 1.0.0
Check: Rd files
Result: NOTE checkRd: (-1) pBED.Rd:34: Escaped LaTeX specials: \& Flavors: r-devel-linux-x86_64-debian-clang, r-devel-linux-x86_64-debian-gcc, r-devel-linux-x86_64-fedora-clang, r-devel-linux-x86_64-fedora-gcc, r-devel-windows-x86_64, r-patched-linux-x86_64, r-release-linux-x86_64, r-release-macos-arm64, r-release-windows-x86_64, r-oldrel-macos-arm64, r-oldrel-macos-x86_64, r-oldrel-windows-x86_64

Version: 1.0.0
Check: LazyData
Result: NOTE 'LazyData' is specified without a 'data' directory Flavors: r-devel-linux-x86_64-debian-clang, r-devel-linux-x86_64-debian-gcc, r-devel-linux-x86_64-fedora-clang, r-devel-linux-x86_64-fedora-gcc, r-devel-windows-x86_64, r-patched-linux-x86_64, r-release-linux-x86_64, r-release-macos-arm64, r-release-windows-x86_64, r-oldrel-macos-arm64, r-oldrel-macos-x86_64, r-oldrel-windows-x86_64

Version: 1.0.0
Check: dependencies in R code
Result: NOTE Namespace in Imports field not imported from: ‘psych’ All declared Imports should be used. Flavors: r-devel-linux-x86_64-fedora-clang, r-devel-linux-x86_64-fedora-gcc