CRAN Package Check Results for Package MFSIS

Last updated on 2024-04-16 23:51:58 CEST.

Flavor Version Tinstall Tcheck Ttotal Status Flags
r-devel-linux-x86_64-debian-clang 0.2.0 12.43 98.70 111.13 OK
r-devel-linux-x86_64-debian-gcc 0.2.0 7.23 72.84 80.07 OK
r-devel-linux-x86_64-fedora-clang 0.2.0 140.65 NOTE
r-devel-linux-x86_64-fedora-gcc 0.2.0 131.24 NOTE
r-prerel-macos-arm64 0.2.0 39.00 OK
r-prerel-windows-x86_64 0.2.0 9.00 120.00 129.00 OK
r-patched-linux-x86_64 0.2.0 8.25 101.15 109.40 OK
r-release-linux-x86_64 0.2.0 9.33 102.23 111.56 OK
r-release-macos-arm64 0.2.0 41.00 OK
r-release-macos-x86_64 0.2.0 72.00 OK
r-release-windows-x86_64 0.2.0 12.00 127.00 139.00 OK
r-oldrel-macos-arm64 0.2.0 47.00 OK
r-oldrel-windows-x86_64 0.2.0 13.00 138.00 151.00 OK

Check Details

Version: 0.2.0
Check: dependencies in R code
Result: NOTE Namespace in Imports field not imported from: ‘fs’ All declared Imports should be used. Flavors: r-devel-linux-x86_64-fedora-clang, r-devel-linux-x86_64-fedora-gcc