CRAN Package Check Results for Package Mercator

Last updated on 2024-02-20 22:59:07 CET.

Flavor Version Tinstall Tcheck Ttotal Status Flags
r-devel-linux-x86_64-debian-clang 1.1.2 NOTE
r-devel-linux-x86_64-debian-gcc 1.1.2 20.45 253.43 273.88 NOTE
r-devel-linux-x86_64-fedora-clang 1.1.2 436.76 OK
r-devel-linux-x86_64-fedora-gcc 1.1.2 447.44 OK
r-devel-windows-x86_64 1.1.2 22.00 269.00 291.00 OK
r-patched-linux-x86_64 1.1.2 28.81 332.93 361.74 OK
r-release-linux-x86_64 1.1.2 15.57 329.66 345.23 OK
r-release-macos-arm64 1.1.2 146.00 OK
r-release-macos-x86_64 1.1.2 228.00 OK
r-release-windows-x86_64 1.1.2 28.00 330.00 358.00 OK
r-oldrel-macos-arm64 1.1.2 133.00 OK
r-oldrel-windows-x86_64 1.1.2 30.00 340.00 370.00 OK

Check Details

Version: 1.1.2
Check: Rd files
Result: NOTE checkRd: (-1) Mercator-class.Rd:91-92: Lost braces 91 | \item{barplot{height, main = '', sub = NULL, border = NA, space = | ^ checkRd: (-1) Mercator-class.Rd:109-112: Lost braces 109 | \item{hist:}{\code{signature(object = "Mercator")}}{ | ^ checkRd: (-1) Mercator-class.Rd:113-116: Lost braces 113 | \item{summary:}{\code{signature(object = "Mercator")}}{ | ^ checkRd: (-1) Mercator-class.Rd:117-119: Lost braces 117 | \item{dim:}{\code{signature(object = "Mercator")}}{ | ^ checkRd: (-1) Mercator-class.Rd:120-122: Lost braces 120 | \item{[:}{\code{signature(object = "Mercator")}}{ | ^ checkRd: (-1) threshLGF.Rd:21: Lost braces; missing escapes or markup? 21 | \item{object}{An object of class {BinaryMatrix} | ^ Flavors: r-devel-linux-x86_64-debian-clang, r-devel-linux-x86_64-debian-gcc