CRAN Package Check Results for Package MethodOpt

Last updated on 2025-04-11 23:50:47 CEST.

Flavor Version Tinstall Tcheck Ttotal Status Flags
r-devel-linux-x86_64-debian-clang 1.0.0 5.40 37.88 43.28 OK
r-devel-linux-x86_64-debian-gcc 1.0.0 4.45 29.14 33.59 OK
r-devel-linux-x86_64-fedora-clang 1.0.0 76.69 NOTE
r-devel-linux-x86_64-fedora-gcc 1.0.0 87.87 NOTE
r-devel-macos-arm64 1.0.0 34.00 OK
r-devel-macos-x86_64 1.0.0 53.00 OK
r-devel-windows-x86_64 1.0.0 9.00 54.00 63.00 OK
r-patched-linux-x86_64 1.0.0 5.68 36.99 42.67 OK
r-release-linux-x86_64 1.0.0 OK
r-release-macos-arm64 1.0.0 30.00 OK
r-release-macos-x86_64 1.0.0 51.00 OK
r-release-windows-x86_64 1.0.0 11.00 63.00 74.00 OK
r-oldrel-macos-arm64 1.0.0 OK
r-oldrel-macos-x86_64 1.0.0 51.00 OK
r-oldrel-windows-x86_64 1.0.0 11.00 62.00 73.00 OK

Check Details

Version: 1.0.0
Check: dependencies in R code
Result: NOTE Namespace in Imports field not imported from: ‘shinyBS’ All declared Imports should be used. Flavors: r-devel-linux-x86_64-fedora-clang, r-devel-linux-x86_64-fedora-gcc