CRAN Package Check Results for Package MetricGraph

Last updated on 2024-02-26 23:03:44 CET.

Flavor Version Tinstall Tcheck Ttotal Status Flags
r-devel-linux-x86_64-debian-clang 1.2.0 90.80 237.10 327.90 NOTE
r-devel-linux-x86_64-debian-gcc 1.2.0 78.33 184.57 262.90 NOTE
r-devel-linux-x86_64-fedora-clang 1.2.0 417.54 OK
r-devel-linux-x86_64-fedora-gcc 1.2.0 444.70 OK
r-devel-windows-x86_64 1.2.0 66.00 204.00 270.00 OK
r-patched-linux-x86_64 1.2.0 73.09 233.57 306.66 NOTE
r-release-linux-x86_64 1.2.0 67.22 227.33 294.55 NOTE
r-release-macos-arm64 1.2.0 115.00 NOTE
r-release-macos-x86_64 1.2.0 235.00 NOTE
r-release-windows-x86_64 1.2.0 92.00 265.00 357.00 NOTE
r-oldrel-macos-arm64 1.2.0 116.00 NOTE
r-oldrel-windows-x86_64 1.2.0 85.00 245.00 330.00 NOTE

Check Details

Version: 1.2.0
Check: package dependencies
Result: NOTE Package suggested but not available for checking: ‘INLA’ Flavors: r-devel-linux-x86_64-debian-clang, r-devel-linux-x86_64-debian-gcc, r-patched-linux-x86_64, r-release-linux-x86_64, r-release-macos-arm64, r-release-macos-x86_64, r-release-windows-x86_64, r-oldrel-macos-arm64, r-oldrel-windows-x86_64

Version: 1.2.0
Check: installed package size
Result: NOTE installed size is 13.1Mb sub-directories of 1Mb or more: libs 11.9Mb Flavors: r-release-macos-arm64, r-release-macos-x86_64, r-oldrel-macos-arm64