CRAN Package Check Results for Package MitoHEAR

Last updated on 2024-02-24 21:40:25 CET.

Flavor Version Tinstall Tcheck Ttotal Status Flags
r-devel-linux-x86_64-debian-clang 0.1.0 6.75 368.22 374.97 OK
r-devel-linux-x86_64-debian-gcc 0.1.0 5.07 294.93 300.00 OK
r-devel-linux-x86_64-fedora-clang 0.1.0 465.18 NOTE
r-devel-linux-x86_64-fedora-gcc 0.1.0 462.91 NOTE
r-devel-windows-x86_64 0.1.0 7.00 335.00 342.00 OK
r-patched-linux-x86_64 0.1.0 7.15 371.72 378.87 OK
r-release-linux-x86_64 0.1.0 6.28 362.46 368.74 OK
r-release-macos-arm64 0.1.0 166.00 NOTE
r-release-macos-x86_64 0.1.0 297.00 NOTE
r-release-windows-x86_64 0.1.0 9.00 337.00 346.00 OK
r-oldrel-macos-arm64 0.1.0 138.00 NOTE
r-oldrel-windows-x86_64 0.1.0 8.00 330.00 338.00 OK

Check Details

Version: 0.1.0
Check: package dependencies
Result: NOTE Packages suggested but not available for checking: 'karyoploteR', 'regioneR' Flavors: r-devel-linux-x86_64-fedora-clang, r-devel-linux-x86_64-fedora-gcc, r-release-macos-arm64, r-oldrel-macos-arm64

Version: 0.1.0
Check: package dependencies
Result: NOTE Packages suggested but not available for checking: 'clustree', 'karyoploteR', 'regioneR' Flavor: r-release-macos-x86_64