CRAN Package Check Results for Package Modelcharts

Last updated on 2024-02-26 23:03:45 CET.

Flavor Version Tinstall Tcheck Ttotal Status Flags
r-devel-linux-x86_64-debian-clang 0.1.0 7.24 55.95 63.19 NOTE
r-devel-linux-x86_64-debian-gcc 0.1.0 4.58 41.36 45.94 NOTE
r-devel-linux-x86_64-fedora-clang 0.1.0 75.88 NOTE
r-devel-linux-x86_64-fedora-gcc 0.1.0 70.20 NOTE
r-devel-windows-x86_64 0.1.0 7.00 66.00 73.00 NOTE
r-patched-linux-x86_64 0.1.0 4.05 50.92 54.97 NOTE
r-release-linux-x86_64 0.1.0 4.17 54.32 58.49 NOTE
r-release-macos-arm64 0.1.0 29.00 NOTE
r-release-macos-x86_64 0.1.0 39.00 NOTE
r-release-windows-x86_64 0.1.0 9.00 72.00 81.00 NOTE
r-oldrel-macos-arm64 0.1.0 26.00 NOTE
r-oldrel-windows-x86_64 0.1.0 9.00 77.00 86.00 NOTE

Check Details

Version: 0.1.0
Check: LazyData
Result: NOTE 'LazyData' is specified without a 'data' directory Flavors: r-devel-linux-x86_64-debian-clang, r-devel-linux-x86_64-debian-gcc, r-devel-linux-x86_64-fedora-clang, r-devel-linux-x86_64-fedora-gcc, r-devel-windows-x86_64, r-patched-linux-x86_64, r-release-linux-x86_64, r-release-macos-arm64, r-release-macos-x86_64, r-release-windows-x86_64, r-oldrel-macos-arm64, r-oldrel-windows-x86_64