CRAN Package Check Results for Package MultiVarSel

Last updated on 2024-02-25 23:02:13 CET.

Flavor Version Tinstall Tcheck Ttotal Status Flags
r-devel-linux-x86_64-debian-clang 1.1.3 6.88 78.02 84.90 OK
r-devel-linux-x86_64-debian-gcc 1.1.3 6.30 59.46 65.76 OK
r-devel-linux-x86_64-fedora-clang 1.1.3 104.45 NOTE
r-devel-linux-x86_64-fedora-gcc 1.1.3 113.73 NOTE
r-devel-windows-x86_64 1.1.3 8.00 76.00 84.00 OK
r-patched-linux-x86_64 1.1.3 6.34 76.32 82.66 OK
r-release-linux-x86_64 1.1.3 8.60 76.13 84.73 OK
r-release-macos-arm64 1.1.3 43.00 OK
r-release-macos-x86_64 1.1.3 63.00 OK
r-release-windows-x86_64 1.1.3 10.00 90.00 100.00 OK
r-oldrel-macos-arm64 1.1.3 31.00 NOTE
r-oldrel-windows-x86_64 1.1.3 10.00 92.00 102.00 OK

Check Details

Version: 1.1.3
Check: data for non-ASCII characters
Result: NOTE Note: found 6 marked UTF-8 strings Flavors: r-devel-linux-x86_64-fedora-clang, r-devel-linux-x86_64-fedora-gcc, r-oldrel-macos-arm64